Last updated on 2025-10-26 08:48:50 CET.
| Flavor | Version | Tinstall | Tcheck | Ttotal | Status | Flags | 
|---|---|---|---|---|---|---|
| r-devel-linux-x86_64-debian-clang | 0.2.5 | 2.69 | 42.16 | 44.85 | OK | |
| r-devel-linux-x86_64-debian-gcc | 0.2.5 | 1.57 | 32.81 | 34.38 | OK | |
| r-devel-linux-x86_64-fedora-clang | 0.2.5 | 13.00 | 58.19 | 71.19 | ERROR | |
| r-devel-linux-x86_64-fedora-gcc | 0.2.5 | 77.19 | ERROR | |||
| r-devel-windows-x86_64 | 0.2.5 | 5.00 | 260.00 | 265.00 | OK | |
| r-patched-linux-x86_64 | 0.2.5 | 2.83 | 38.73 | 41.56 | OK | |
| r-release-linux-x86_64 | 0.2.5 | 2.56 | 39.15 | 41.71 | OK | |
| r-release-macos-arm64 | 0.2.5 | 2.00 | 37.00 | 39.00 | OK | |
| r-release-macos-x86_64 | 0.2.5 | 2.00 | 65.00 | 67.00 | OK | |
| r-release-windows-x86_64 | 0.2.5 | 5.00 | 250.00 | 255.00 | OK | |
| r-oldrel-macos-arm64 | 0.2.5 | 1.00 | 29.00 | 30.00 | OK | |
| r-oldrel-macos-x86_64 | 0.2.5 | 2.00 | 44.00 | 46.00 | OK | |
| r-oldrel-windows-x86_64 | 0.2.5 | 6.00 | 310.00 | 316.00 | OK | 
Version: 0.2.5
Check: tests
Result: ERROR
    Running ‘testthat.R’ [13s/35s]
  Running the tests in ‘tests/testthat.R’ failed.
  Complete output:
    > library(testthat)
    > library(imagefluency)
    > 
    > test_check("imagefluency")
    [ FAIL 1 | WARN 0 | SKIP 0 | PASS 108 ]
    
    ══ Failed tests ════════════════════════════════════════════════════════════════
    ── Failure ('test_complexity.R:37:3'): img_complexity normalizes input image if necessary ──
    img_complexity(array(100:500, dim = c(50, 50, 3))) not equal to 0.1111398.
    1/1 mismatches
    [1] 0.0915 - 0.111 == -0.0196
    
    [ FAIL 1 | WARN 0 | SKIP 0 | PASS 108 ]
    Error: Test failures
    Execution halted
Flavor: r-devel-linux-x86_64-fedora-clang
Version: 0.2.5
Check: tests
Result: ERROR
    Running ‘testthat.R’ [12s/15s]
  Running the tests in ‘tests/testthat.R’ failed.
  Complete output:
    > library(testthat)
    > library(imagefluency)
    > 
    > test_check("imagefluency")
    [ FAIL 1 | WARN 0 | SKIP 0 | PASS 108 ]
    
    ══ Failed tests ════════════════════════════════════════════════════════════════
    ── Failure ('test_complexity.R:37:3'): img_complexity normalizes input image if necessary ──
    img_complexity(array(100:500, dim = c(50, 50, 3))) not equal to 0.1111398.
    1/1 mismatches
    [1] 0.0981 - 0.111 == -0.0131
    
    [ FAIL 1 | WARN 0 | SKIP 0 | PASS 108 ]
    Error: Test failures
    Execution halted
Flavor: r-devel-linux-x86_64-fedora-gcc