CRAN Package Check Results for Package incidental

Last updated on 2025-10-22 09:50:36 CEST.

Flavor Version Tinstall Tcheck Ttotal Status Flags
r-devel-linux-x86_64-debian-clang 0.1 7.55 76.33 83.88 NOTE
r-devel-linux-x86_64-debian-gcc 0.1 5.18 56.86 62.04 NOTE
r-devel-linux-x86_64-fedora-clang 0.1 19.00 109.43 128.43 NOTE
r-devel-linux-x86_64-fedora-gcc 0.1 15.00 116.74 131.74 NOTE
r-devel-windows-x86_64 0.1 8.00 86.00 94.00 NOTE
r-patched-linux-x86_64 0.1 7.47 71.86 79.33 NOTE
r-release-linux-x86_64 0.1 6.52 71.86 78.38 NOTE
r-release-macos-arm64 0.1 4.00 45.00 49.00 NOTE
r-release-macos-x86_64 0.1 7.00 72.00 79.00 NOTE
r-release-windows-x86_64 0.1 8.00 86.00 94.00 NOTE
r-oldrel-macos-arm64 0.1 3.00 40.00 43.00 NOTE
r-oldrel-macos-x86_64 0.1 8.00 60.00 68.00 NOTE
r-oldrel-windows-x86_64 0.1 11.00 110.00 121.00 NOTE

Check Details

Version: 0.1
Check: Rd files
Result: NOTE checkRd: (-1) make_likelihood_matrix.Rd:16: Lost braces; missing escapes or markup? 16 | This function creates a matrix such that P[t, s] = P(C = t | I = s) = theta_{t-s} for s <= t and 0 otherwise. | ^ Flavors: r-devel-linux-x86_64-debian-clang, r-devel-linux-x86_64-debian-gcc, r-devel-linux-x86_64-fedora-clang, r-devel-linux-x86_64-fedora-gcc, r-devel-windows-x86_64, r-patched-linux-x86_64, r-release-linux-x86_64, r-release-macos-arm64, r-release-macos-x86_64, r-release-windows-x86_64, r-oldrel-macos-arm64, r-oldrel-macos-x86_64, r-oldrel-windows-x86_64

Version: 0.1
Check: HTML version of manual
Result: NOTE Found the following HTML validation problems: data_check.html:65:1 (data_check.Rd:12): Warning: missing </ul> before </div> Flavors: r-devel-linux-x86_64-debian-clang, r-devel-linux-x86_64-debian-gcc