Last updated on 2025-10-24 09:50:06 CEST.
| Flavor | Version | Tinstall | Tcheck | Ttotal | Status | Flags |
|---|---|---|---|---|---|---|
| r-devel-linux-x86_64-debian-clang | 0.3.1 | 1.36 | 21.10 | 22.46 | NOTE | |
| r-devel-linux-x86_64-debian-gcc | 0.3.1 | 1.27 | 17.24 | 18.51 | NOTE | |
| r-devel-linux-x86_64-fedora-clang | 0.3.1 | 32.78 | OK | |||
| r-devel-linux-x86_64-fedora-gcc | 0.3.1 | 30.71 | OK | |||
| r-devel-windows-x86_64 | 0.3.1 | 3.00 | 45.00 | 48.00 | OK | |
| r-patched-linux-x86_64 | 0.3.1 | 1.29 | 19.85 | 21.14 | OK | |
| r-release-linux-x86_64 | 0.3.1 | 1.40 | 19.61 | 21.01 | OK | |
| r-release-macos-arm64 | 0.3.1 | 1.00 | 13.00 | 14.00 | OK | |
| r-release-macos-x86_64 | 0.3.1 | 2.00 | 27.00 | 29.00 | OK | |
| r-release-windows-x86_64 | 0.3.1 | 5.00 | 46.00 | 51.00 | OK | |
| r-oldrel-macos-arm64 | 0.3.1 | 1.00 | 19.00 | 20.00 | OK | |
| r-oldrel-macos-x86_64 | 0.3.1 | 1.00 | 20.00 | 21.00 | OK | |
| r-oldrel-windows-x86_64 | 0.3.1 | 3.00 | 47.00 | 50.00 | OK |
Version: 0.3.1
Check: CRAN incoming feasibility
Result: NOTE
Maintainer: ‘David Valentim Dias <dvdscripter@gmail.com>’
No Authors@R field in DESCRIPTION.
Please add one, modifying
Authors@R: person(given = c("David", "Valentim"),
family = "Dias",
role = c("aut", "cre"),
email = "dvdscripter@gmail.com")
as necessary.
Flavors: r-devel-linux-x86_64-debian-clang, r-devel-linux-x86_64-debian-gcc