Last updated on 2025-10-21 09:48:35 CEST.
Flavor | Version | Tinstall | Tcheck | Ttotal | Status | Flags |
---|---|---|---|---|---|---|
r-devel-linux-x86_64-debian-clang | 0.1.4 | 8.37 | 30.86 | 39.23 | NOTE | |
r-devel-linux-x86_64-debian-gcc | 0.1.4 | 5.20 | 24.80 | 30.00 | NOTE | |
r-devel-linux-x86_64-fedora-clang | 0.1.4 | 62.41 | OK | |||
r-devel-linux-x86_64-fedora-gcc | 0.1.4 | 68.21 | OK | |||
r-devel-windows-x86_64 | 0.1.4 | 9.00 | 54.00 | 63.00 | OK | |
r-patched-linux-x86_64 | 0.1.4 | 6.94 | 29.16 | 36.10 | OK | |
r-release-linux-x86_64 | 0.1.4 | 6.91 | 28.78 | 35.69 | OK | |
r-release-macos-arm64 | 0.1.4 | 44.00 | OK | |||
r-release-macos-x86_64 | 0.1.4 | 60.00 | OK | |||
r-release-windows-x86_64 | 0.1.4 | 11.00 | 55.00 | 66.00 | OK | |
r-oldrel-macos-arm64 | 0.1.4 | 28.00 | OK | |||
r-oldrel-macos-x86_64 | 0.1.4 | 45.00 | OK | |||
r-oldrel-windows-x86_64 | 0.1.4 | 13.00 | 63.00 | 76.00 | OK |
Version: 0.1.4
Check: CRAN incoming feasibility
Result: NOTE
Maintainer: ‘Ian E. Fellows <ian@fellstat.com>’
No Authors@R field in DESCRIPTION.
Please add one, modifying
Authors@R: person(given = c("Ian", "E."),
family = "Fellows",
role = c("aut", "cre"),
email = "ian@fellstat.com")
as necessary.
Flavors: r-devel-linux-x86_64-debian-clang, r-devel-linux-x86_64-debian-gcc
Version: 0.1.4
Check: HTML version of manual
Result: NOTE
Found the following HTML validation problems:
AsyncInterruptor.html:127:1 (AsyncInterruptor.Rd:84): Warning: <h5> anchor "Usage" already defined
AsyncInterruptor.html:133:1 (AsyncInterruptor.Rd:88): Warning: <h5> anchor "Arguments" already defined
AsyncInterruptor.html:156:1 (AsyncInterruptor.Rd:101): Warning: <h5> anchor "Usage" already defined
AsyncInterruptor.html:172:1 (AsyncInterruptor.Rd:111): Warning: <h5> anchor "Usage" already defined
AsyncInterruptor.html:188:1 (AsyncInterruptor.Rd:121): Warning: <h5> anchor "Usage" already defined
AsyncInterruptor.html:204:1 (AsyncInterruptor.Rd:131): Warning: <h5> anchor "Usage" already defined
AsyncInterruptor.html:210:1 (AsyncInterruptor.Rd:135): Warning: <h5> anchor "Arguments" already defined
AsyncProgress.html:133:1 (AsyncProgress.Rd:108): Warning: <h5> anchor "Usage" already defined
AsyncProgress.html:149:1 (AsyncProgress.Rd:118): Warning: <h5> anchor "Usage" already defined
AsyncProgress.html:165:1 (AsyncProgress.Rd:128): Warning: <h5> anchor "Usage" already defined
AsyncProgress.html:182:1 (AsyncProgress.Rd:139): Warning: <h5> anchor "Usage" already defined
AsyncProgress.html:188:1 (AsyncProgress.Rd:143): Warning: <h5> anchor "Arguments" already defined
AsyncProgress.html:222:1 (AsyncProgress.Rd:167): Warning: <h5> anchor "Usage" already defined
AsyncProgress.html:228:1 (AsyncProgress.Rd:171): Warning: <h5> anchor "Arguments" already defined
AsyncProgress.html:260:1 (AsyncProgress.Rd:193): Warning: <h5> anchor "Usage" already defined
AsyncProgress.html:276:1 (AsyncProgress.Rd:203): Warning: <h5> anchor "Usage" already defined
AsyncProgress.html:282:1 (AsyncProgress.Rd:207): Warning: <h5> anchor "Arguments" already defined
Consumer.html:391:1 (Consumer.Rd:219): Warning: missing </ul> before </div>
Consumer.html:131:1 (Consumer.Rd:61): Warning: <h5> anchor "Usage" already defined
Consumer.html:137:1 (Consumer.Rd:65): Warning: <h5> anchor "Arguments" already defined
Consumer.html:160:1 (Consumer.Rd:78): Warning: <h5> anchor "Usage" already defined
Consumer.html:179:1 (Consumer.Rd:91): Warning: <h5> anchor "Usage" already defined
Consumer.html:185:1 (Consumer.Rd:95): Warning: <h5> anchor "Arguments" already defined
Consumer.html:211:1 (Consumer.Rd:111): Warning: <h5> anchor "Usage" already defined
Consumer.html:217:1 (Consumer.Rd:115): Warning: <h5> anchor "Arguments" already defined
Consumer.html:242:1 (Consumer.Rd:130): Warning: <h5> anchor "Usage" already defined
Consumer.html:258:1 (Consumer.Rd:140): Warning: <h5> anchor "Usage" already defined
Consumer.html:264:1 (Consumer.Rd:144): Warning: <h5> anchor "Arguments" already defined
Consumer.html:289:1 (Consumer.Rd:159): Warning: <h5> anchor "Usage" already defined
Consumer.html:305:1 (Consumer.Rd:169): Warning: <h5> anchor "Usage" already defined
Consumer.html:311:1 (Consumer.Rd:173): Warning: <h5> anchor "Arguments" already defined
Consumer.html:336:1 (Consumer.Rd:188): Warning: <h5> anchor "Usage" already defined
Consumer.html:352:1 (Consumer.Rd:198): Warning: <h5> anchor "Usage" already defined
Consumer.html:368:1 (Consumer.Rd:208): Warning: <h5> anchor "Usage" already defined
Consumer.html:374:1 (Consumer.Rd:212): Warning: <h5> anchor "Arguments" already defined
Producer.html:298:1 (Producer.Rd:163): Warning: missing </ul> before </div>
Producer.html:103:1 (Producer.Rd:46): Warning: <h5> anchor "Usage" already defined
Producer.html:109:1 (Producer.Rd:50): Warning: <h5> anchor "Arguments" already defined
Producer.html:132:1 (Producer.Rd:63): Warning: <h5> anchor "Usage" already defined
Producer.html:148:1 (Producer.Rd:73): Warning: <h5> anchor "Usage" already defined
Producer.html:154:1 (Producer.Rd:77): Warning: <h5> anchor "Arguments" already defined
Producer.html:180:1 (Producer.Rd:93): Warning: <h5> anchor "Usage" already defined
Producer.html:186:1 (Producer.Rd:97): Warning: <h5> anchor "Arguments" already defined
Producer.html:212:1 (Producer.Rd:113): Warning: <h5> anchor "Usage" already defined
Producer.html:218:1 (Producer.Rd:117): Warning: <h5> anchor "Arguments" already defined
Producer.html:244:1 (Producer.Rd:133): Warning: <h5> anchor "Usage" already defined
Producer.html:250:1 (Producer.Rd:137): Warning: <h5> anchor "Arguments" already defined
Producer.html:275:1 (Producer.Rd:152): Warning: <h5> anchor "Usage" already defined
Producer.html:281:1 (Producer.Rd:156): Warning: <h5> anchor "Arguments" already defined
Queue.html:145:1 (Queue.Rd:130): Warning: <h5> anchor "Usage" already defined
Queue.html:161:1 (Queue.Rd:140): Warning: <h5> anchor "Usage" already defined
Queue.html:167:1 (Queue.Rd:144): Warning: <h5> anchor "Arguments" already defined
RedisSource.html:233:1 (RedisSource.Rd:124): Warning: missing </ul> before </div>
RedisSource.html:102:1 (RedisSource.Rd:47): Warning: <h5> anchor "Usage" already defined
RedisSource.html:118:1 (RedisSource.Rd:57): Warning: <h5> anchor "Usage" already defined
RedisSource.html:124:1 (RedisSource.Rd:61): Warning: <h5> anchor "Arguments" already defined
RedisSource.html:147:1 (RedisSource.Rd:74): Warning: <h5> anchor "Usage" already defined
RedisSource.html:153:1 (RedisSource.Rd:78): Warning: <h5> anchor "Arguments" already defined
RedisSource.html:178:1 (RedisSource.Rd:93): Warning: <h5> anchor "Usage" already defined
RedisSource.html:194:1 (RedisSource.Rd:103): Warning: <h5> anchor "Usage" already defined
RedisSource.html:210:1 (RedisSource.Rd:113): Warning: <h5> anchor "Usage" already defined
RedisSource.html:216:1 (RedisSource.Rd:117): Warning: <h5> anchor "Arguments" already defined
ShinyConsumer.html:125:1 (ShinyConsumer.Rd:68): Warning: missing </ul> before </div>
ShinyConsumer.html:102:1 (ShinyConsumer.Rd:57): Warning: <h5> anchor "Usage" already defined
ShinyProducer.html:200:1 (ShinyProducer.Rd:109): Warning: missing </ul> before </div>
ShinyProducer.html:117:1 (ShinyProducer.Rd:62): Warning: <h5> anchor "Usage" already defined
ShinyProducer.html:123:1 (ShinyProducer.Rd:66): Warning: <h5> anchor "Arguments" already defined
ShinyProducer.html:146:1 (ShinyProducer.Rd:79): Warning: <h5> anchor "Usage" already defined
ShinyProducer.html:152:1 (ShinyProducer.Rd:83): Warning: <h5> anchor "Arguments" already defined
ShinyProducer.html:177:1 (ShinyProducer.Rd:98): Warning: <h5> anchor "Usage" already defined
ShinyProducer.html:183:1 (ShinyProducer.Rd:102): Warning: <h5> anchor "Arguments" already defined
TextFileSource.html:201:1 (TextFileSource.Rd:105): Warning: missing </ul> before </div>
TextFileSource.html:102:1 (TextFileSource.Rd:48): Warning: <h5> anchor "Usage" already defined
TextFileSource.html:108:1 (TextFileSource.Rd:52): Warning: <h5> anchor "Arguments" already defined
TextFileSource.html:131:1 (TextFileSource.Rd:65): Warning: <h5> anchor "Usage" already defined
TextFileSource.html:137:1 (TextFileSource.Rd:69): Warning: <h5> anchor "Arguments" already defined
TextFileSource.html:162:1 (TextFileSource.Rd:84): Warning: <h5> anchor "Usage" already defined
TextFileSource.html:178:1 (TextFileSource.Rd:94): Warning: <h5> anchor "Usage" already defined
TextFileSource.html:184:1 (TextFileSource.Rd:98): Warning: <h5> anchor "Arguments" already defined
defaultSource.html:46:1 (defaultSource.Rd:10): Warning: missing </ul> before </div>
redisConfig.html:46:1 (redisConfig.Rd:10): Warning: missing </ul> before </div>
redisIdGenerator.html:46:1 (redisIdGenerator.Rd:10): Warning: missing </ul> before </div>
tempFileGenerator.html:46:1 (tempFileGenerator.Rd:10): Warning: missing </ul> before </div>
Flavor: r-devel-linux-x86_64-debian-gcc