Last updated on 2025-10-31 08:50:17 CET.
| Flavor | Version | Tinstall | Tcheck | Ttotal | Status | Flags | 
|---|---|---|---|---|---|---|
| r-devel-linux-x86_64-debian-clang | 1.0.3 | 1.55 | 19.69 | 21.24 | NOTE | |
| r-devel-linux-x86_64-debian-gcc | 1.0.3 | 1.23 | 16.42 | 17.65 | NOTE | |
| r-devel-linux-x86_64-fedora-clang | 1.0.3 | 29.91 | OK | |||
| r-devel-linux-x86_64-fedora-gcc | 1.0.3 | 26.53 | OK | |||
| r-devel-windows-x86_64 | 1.0.3 | 2.00 | 39.00 | 41.00 | OK | |
| r-patched-linux-x86_64 | 1.0.3 | 1.50 | 17.66 | 19.16 | OK | |
| r-release-linux-x86_64 | 1.0.3 | 1.39 | 17.67 | 19.06 | OK | |
| r-release-macos-arm64 | 1.0.3 | 1.00 | 13.00 | 14.00 | OK | |
| r-release-macos-x86_64 | 1.0.3 | 1.00 | 21.00 | 22.00 | OK | |
| r-release-windows-x86_64 | 1.0.3 | 3.00 | 39.00 | 42.00 | OK | |
| r-oldrel-macos-arm64 | 1.0.3 | 1.00 | 12.00 | 13.00 | OK | |
| r-oldrel-macos-x86_64 | 1.0.3 | 1.00 | 18.00 | 19.00 | OK | |
| r-oldrel-windows-x86_64 | 1.0.3 | 4.00 | 43.00 | 47.00 | OK | 
Version: 1.0.3
Check: CRAN incoming feasibility
Result: NOTE
  Maintainer: ‘Irucka Embry <iembry@ecoccs.com>’
  
  No Authors@R field in DESCRIPTION.
  Please add one, modifying
    Authors@R: person(given = "Irucka",
                      family = "Embry",
                      role = c("aut", "cre"),
                      email = "iembry@ecoccs.com")
  as necessary.
Flavors: r-devel-linux-x86_64-debian-clang, r-devel-linux-x86_64-debian-gcc