CRAN Package Check Results for Package lmds

Last updated on 2025-10-22 09:50:38 CEST.

Flavor Version Tinstall Tcheck Ttotal Status Flags
r-devel-linux-x86_64-debian-clang 0.1.0 8.21 77.72 85.93 NOTE
r-devel-linux-x86_64-debian-gcc 0.1.0 6.33 58.28 64.61 NOTE
r-devel-linux-x86_64-fedora-clang 0.1.0 23.00 112.58 135.58 NOTE
r-devel-linux-x86_64-fedora-gcc 0.1.0 18.00 105.24 123.24 NOTE
r-devel-windows-x86_64 0.1.0 9.00 84.00 93.00 OK
r-patched-linux-x86_64 0.1.0 8.19 73.50 81.69 OK
r-release-linux-x86_64 0.1.0 7.91 73.13 81.04 OK
r-release-macos-arm64 0.1.0 5.00 50.00 55.00 OK
r-release-macos-x86_64 0.1.0 8.00 65.00 73.00 OK
r-release-windows-x86_64 0.1.0 11.00 85.00 96.00 OK
r-oldrel-macos-arm64 0.1.0 4.00 36.00 40.00 NOTE
r-oldrel-macos-x86_64 0.1.0 7.00 59.00 66.00 NOTE
r-oldrel-windows-x86_64 0.1.0 13.00 103.00 116.00 NOTE

Check Details

Version: 0.1.0
Check: DESCRIPTION meta-information
Result: NOTE Author field differs from that derived from Authors@R Author: ‘Robrecht Cannoodt [aut, cre] (<https://orcid.org/0000-0003-3641-729X>, rcannood), Wouter Saelens [aut] (<https://orcid.org/0000-0002-7114-6248>, zouter)’ Authors@R: ‘Robrecht Cannoodt [aut, cre] (ORCID: <https://orcid.org/0000-0003-3641-729X>, github: rcannood), Wouter Saelens [aut] (ORCID: <https://orcid.org/0000-0002-7114-6248>, github: zouter)’ Flavors: r-devel-linux-x86_64-debian-clang, r-devel-linux-x86_64-debian-gcc

Version: 0.1.0
Check: dependencies in R code
Result: NOTE Namespace in Imports field not imported from: ‘Matrix’ All declared Imports should be used. Flavors: r-devel-linux-x86_64-fedora-clang, r-devel-linux-x86_64-fedora-gcc

Version: 0.1.0
Check: LazyData
Result: NOTE 'LazyData' is specified without a 'data' directory Flavors: r-oldrel-macos-arm64, r-oldrel-macos-x86_64, r-oldrel-windows-x86_64