Last updated on 2025-10-23 09:50:49 CEST.
| Flavor | Version | Tinstall | Tcheck | Ttotal | Status | Flags |
|---|---|---|---|---|---|---|
| r-devel-linux-x86_64-debian-clang | 1.1.2 | 4.60 | 178.38 | 182.98 | NOTE | |
| r-devel-linux-x86_64-debian-gcc | 1.1.2 | 2.91 | 139.33 | 142.24 | OK | |
| r-devel-linux-x86_64-fedora-clang | 1.1.2 | 23.00 | 269.45 | 292.45 | OK | |
| r-devel-linux-x86_64-fedora-gcc | 1.1.2 | 20.00 | 299.31 | 319.31 | OK | |
| r-devel-windows-x86_64 | 1.1.2 | 9.00 | 219.00 | 228.00 | OK | |
| r-patched-linux-x86_64 | 1.1.2 | 4.37 | 174.42 | 178.79 | OK | |
| r-release-linux-x86_64 | 1.1.2 | 5.00 | 175.61 | 180.61 | OK | |
| r-release-macos-arm64 | 1.1.2 | 3.00 | 111.00 | 114.00 | OK | |
| r-release-macos-x86_64 | 1.1.2 | 4.00 | 192.00 | 196.00 | OK | |
| r-release-windows-x86_64 | 1.1.2 | 10.00 | 214.00 | 224.00 | OK | |
| r-oldrel-macos-arm64 | 1.1.2 | 2.00 | 94.00 | 96.00 | OK | |
| r-oldrel-macos-x86_64 | 1.1.2 | 6.00 | 248.00 | 254.00 | OK | |
| r-oldrel-windows-x86_64 | 1.1.2 | 10.00 | 266.00 | 276.00 | OK |
Version: 1.1.2
Check: HTML version of manual
Result: NOTE
Found the following HTML validation problems:
miscmethods.logitr.html:100:1 (miscmethods.logitr.Rd:56): Warning: missing </ul> before </div>
se.html:51:1 (se.Rd:13): Warning: missing </ul> before </div>
se.logitr.html:52:1 (se.logitr.Rd:13): Warning: missing </ul> before </div>
vcov.logitr.html:53:1 (vcov.logitr.Rd:13): Warning: missing </ul> before </div>
Flavor: r-devel-linux-x86_64-debian-clang