Last updated on 2025-10-26 08:48:52 CET.
| Flavor | Version | Tinstall | Tcheck | Ttotal | Status | Flags |
|---|---|---|---|---|---|---|
| r-devel-linux-x86_64-debian-clang | 1.2.5 | 230.17 | 116.73 | 346.90 | OK | |
| r-devel-linux-x86_64-debian-gcc | 1.2.5 | 157.00 | 83.72 | 240.72 | OK | |
| r-devel-linux-x86_64-fedora-clang | 1.2.5 | 221.00 | 458.43 | 679.43 | OK | |
| r-devel-linux-x86_64-fedora-gcc | 1.2.5 | 900.00 | -192.64 | 707.36 | OK | |
| r-devel-windows-x86_64 | 1.2.5 | 234.00 | 164.00 | 398.00 | OK | |
| r-patched-linux-x86_64 | 1.2.4 | 246.24 | 107.54 | 353.78 | WARN | |
| r-release-linux-x86_64 | 1.2.5 | 243.24 | 107.41 | 350.65 | OK | |
| r-release-macos-arm64 | 1.2.5 | 81.00 | 61.00 | 142.00 | OK | |
| r-release-macos-x86_64 | 1.2.5 | 110.00 | 209.00 | 319.00 | OK | |
| r-release-windows-x86_64 | 1.2.5 | 246.00 | 164.00 | 410.00 | OK | |
| r-oldrel-macos-arm64 | 1.2.5 | 76.00 | 68.00 | 144.00 | NOTE | |
| r-oldrel-macos-x86_64 | 1.2.5 | 116.00 | 183.00 | 299.00 | NOTE | |
| r-oldrel-windows-x86_64 | 1.2.5 | 222.00 | 202.00 | 424.00 | OK |
Version: 1.2.4
Check: whether package can be installed
Result: WARN
Found the following significant warnings:
hmc.cpp:194:19: warning: ‘bool arma::is_finite(eT, const typename arma_scalar_only<eT>::result*) [with eT = double; typename arma_scalar_only<eT>::result = double]’ is deprecated: change arma::is_finite(val) to std::isfinite(val) [-Wdeprecated-declarations]
hmc.cpp:207:19: warning: ‘bool arma::is_finite(eT, const typename arma_scalar_only<eT>::result*) [with eT = double; typename arma_scalar_only<eT>::result = double]’ is deprecated: change arma::is_finite(val) to std::isfinite(val) [-Wdeprecated-declarations]
See ‘/home/hornik/tmp/R.check/r-patched-gcc/Work/PKGS/magi.Rcheck/00install.out’ for details.
* used C++ compiler: ‘g++-14 (Debian 14.3.0-8) 14.3.0’
Flavor: r-patched-linux-x86_64
Version: 1.2.5
Check: installed package size
Result: NOTE
installed size is 24.6Mb
sub-directories of 1Mb or more:
libs 23.6Mb
Flavors: r-oldrel-macos-arm64, r-oldrel-macos-x86_64