Last updated on 2025-10-25 09:49:35 CEST.
| Flavor | Version | Tinstall | Tcheck | Ttotal | Status | Flags |
|---|---|---|---|---|---|---|
| r-devel-linux-x86_64-debian-clang | 0.2.79 | 47.35 | 256.44 | 303.79 | OK | |
| r-devel-linux-x86_64-debian-gcc | 0.2.79 | 34.05 | 203.37 | 237.42 | OK | |
| r-devel-linux-x86_64-fedora-clang | 0.2.79 | 275.00 | 229.46 | 504.46 | NOTE | |
| r-devel-linux-x86_64-fedora-gcc | 0.2.79 | 117.00 | 369.40 | 486.40 | NOTE | |
| r-devel-windows-x86_64 | 0.2.79 | 65.00 | 283.00 | 348.00 | OK | |
| r-patched-linux-x86_64 | 0.2.79 | 52.05 | 245.27 | 297.32 | OK | |
| r-release-linux-x86_64 | 0.2.79 | 51.47 | 246.01 | 297.48 | OK | |
| r-release-macos-arm64 | 0.2.79 | 25.00 | 260.00 | 285.00 | OK | |
| r-release-macos-x86_64 | 0.2.79 | 40.00 | 296.00 | 336.00 | OK | |
| r-release-windows-x86_64 | 0.2.79 | 68.00 | 285.00 | 353.00 | OK | |
| r-oldrel-macos-arm64 | 0.2.79 | 20.00 | 136.00 | 156.00 | NOTE | |
| r-oldrel-macos-x86_64 | 0.2.79 | 29.00 | 204.00 | 233.00 | NOTE | |
| r-oldrel-windows-x86_64 | 0.2.79 | 76.00 | 372.00 | 448.00 | OK |
Version: 0.2.79
Check: dependencies in R code
Result: NOTE
Namespace in Imports field not imported from: ‘softImpute’
All declared Imports should be used.
Flavors: r-devel-linux-x86_64-fedora-clang, r-devel-linux-x86_64-fedora-gcc
Version: 0.2.79
Check: installed package size
Result: NOTE
installed size is 8.3Mb
sub-directories of 1Mb or more:
libs 7.4Mb
Flavors: r-oldrel-macos-arm64, r-oldrel-macos-x86_64