Last updated on 2025-10-30 08:51:19 CET.
| Flavor | Version | Tinstall | Tcheck | Ttotal | Status | Flags | 
|---|---|---|---|---|---|---|
| r-devel-linux-x86_64-debian-clang | 0.9-8 | 4.36 | 149.15 | 153.51 | NOTE | |
| r-devel-linux-x86_64-debian-gcc | 0.9-8 | 3.96 | 98.91 | 102.87 | NOTE | |
| r-devel-linux-x86_64-fedora-clang | 0.9-8 | 10.00 | 228.72 | 238.72 | OK | |
| r-devel-linux-x86_64-fedora-gcc | 0.9-8 | 12.00 | 238.79 | 250.79 | OK | |
| r-devel-windows-x86_64 | 0.9-8 | 11.00 | 207.00 | 218.00 | OK | |
| r-patched-linux-x86_64 | 0.9-8 | 5.19 | 141.35 | 146.54 | OK | |
| r-release-linux-x86_64 | 0.9-8 | 4.62 | 139.07 | 143.69 | OK | |
| r-release-macos-arm64 | 0.9-8 | 3.00 | 85.00 | 88.00 | OK | |
| r-release-macos-x86_64 | 0.9-8 | 5.00 | 167.00 | 172.00 | OK | |
| r-release-windows-x86_64 | 0.9-8 | 16.00 | 216.00 | 232.00 | OK | |
| r-oldrel-macos-arm64 | 0.9-8 | 3.00 | 79.00 | 82.00 | OK | |
| r-oldrel-macos-x86_64 | 0.9-8 | 4.00 | 163.00 | 167.00 | OK | |
| r-oldrel-windows-x86_64 | 0.9-8 | 14.00 | 250.00 | 264.00 | OK | 
Version: 0.9-8
Check: CRAN incoming feasibility
Result: NOTE
  Maintainer: ‘Charles J. Geyer <geyer@umn.edu>’
  
  No Authors@R field in DESCRIPTION.
  Please add one, modifying
    Authors@R: c(person(given = c("Charles", "J."),
                        family = "Geyer",
                        role = c("aut", "cre"),
                        email = "geyer@umn.edu"),
                 person(given = c("Leif", "T."),
                        family = "Johnson",
                        role = "aut",
                        email = "ltjohnson@google.com"))
  as necessary.
Flavors: r-devel-linux-x86_64-debian-clang, r-devel-linux-x86_64-debian-gcc