Last updated on 2025-10-25 09:49:35 CEST.
| Flavor | Version | Tinstall | Tcheck | Ttotal | Status | Flags |
|---|---|---|---|---|---|---|
| r-devel-linux-x86_64-debian-clang | 0.3.0 | 11.39 | 59.55 | 70.94 | NOTE | |
| r-devel-linux-x86_64-debian-gcc | 0.3.0 | 8.39 | 42.17 | 50.56 | NOTE | |
| r-devel-linux-x86_64-fedora-clang | 0.3.0 | 30.00 | 86.17 | 116.17 | OK | |
| r-devel-linux-x86_64-fedora-gcc | 0.3.0 | 27.00 | 78.24 | 105.24 | OK | |
| r-devel-windows-x86_64 | 0.3.0 | 16.00 | 95.00 | 111.00 | OK | |
| r-patched-linux-x86_64 | 0.3.0 | 11.01 | 54.23 | 65.24 | OK | |
| r-release-linux-x86_64 | 0.3.0 | 11.34 | 53.50 | 64.84 | OK | |
| r-release-macos-arm64 | 0.3.0 | 5.00 | 29.00 | 34.00 | OK | |
| r-release-macos-x86_64 | 0.3.0 | 15.00 | 67.00 | 82.00 | OK | |
| r-release-windows-x86_64 | 0.3.0 | 14.00 | 92.00 | 106.00 | OK | |
| r-oldrel-macos-arm64 | 0.3.0 | 6.00 | 28.00 | 34.00 | OK | |
| r-oldrel-macos-x86_64 | 0.3.0 | 14.00 | 78.00 | 92.00 | OK | |
| r-oldrel-windows-x86_64 | 0.3.0 | 16.00 | 120.00 | 136.00 | OK |
Version: 0.3.0
Check: CRAN incoming feasibility
Result: NOTE
Maintainer: ‘Constantin Ahlmann-Eltze <artjom31415@googlemail.com>’
Package CITATION file contains call(s) to old-style personList() or
as.personList(). Please use c() on person objects instead.
Package CITATION file contains call(s) to old-style citEntry(). Please
use bibentry() instead.
Flavors: r-devel-linux-x86_64-debian-clang, r-devel-linux-x86_64-debian-gcc