Last updated on 2025-10-25 09:49:36 CEST.
| Flavor | Version | Tinstall | Tcheck | Ttotal | Status | Flags |
|---|---|---|---|---|---|---|
| r-devel-linux-x86_64-debian-clang | 0.2.2 | 64.45 | 863.31 | 927.76 | OK | |
| r-devel-linux-x86_64-debian-gcc | 0.2.2 | 41.55 | 537.82 | 579.37 | OK | |
| r-devel-linux-x86_64-fedora-clang | 0.2.2 | 129.00 | 1415.55 | 1544.55 | OK | |
| r-devel-linux-x86_64-fedora-gcc | 0.2.2 | 131.00 | 1329.76 | 1460.76 | OK | |
| r-devel-windows-x86_64 | 0.2.2 | 76.00 | 546.00 | 622.00 | OK | |
| r-patched-linux-x86_64 | 0.2.2 | 64.05 | 820.51 | 884.56 | OK | |
| r-release-linux-x86_64 | 0.2.2 | 60.97 | 811.78 | 872.75 | OK | |
| r-release-macos-arm64 | 0.2.2 | 24.00 | 222.00 | 246.00 | OK | |
| r-release-macos-x86_64 | 0.2.2 | 35.00 | 597.00 | 632.00 | OK | |
| r-release-windows-x86_64 | 0.2.2 | 77.00 | 551.00 | 628.00 | OK | |
| r-oldrel-macos-arm64 | 0.2.2 | 27.00 | 285.00 | 312.00 | NOTE | |
| r-oldrel-macos-x86_64 | 0.2.2 | 29.00 | 630.00 | 659.00 | NOTE | |
| r-oldrel-windows-x86_64 | 0.2.2 | 90.00 | 805.00 | 895.00 | OK |
Version: 0.2.2
Check: installed package size
Result: NOTE
installed size is 8.7Mb
sub-directories of 1Mb or more:
data 2.0Mb
libs 5.1Mb
Flavors: r-oldrel-macos-arm64, r-oldrel-macos-x86_64