Last updated on 2025-10-21 09:48:38 CEST.
Flavor | Version | Tinstall | Tcheck | Ttotal | Status | Flags |
---|---|---|---|---|---|---|
r-devel-linux-x86_64-debian-clang | 0.13.0 | 10.66 | 216.57 | 227.23 | OK | |
r-devel-linux-x86_64-debian-gcc | 0.13.0 | 7.52 | 138.72 | 146.24 | NOTE | |
r-devel-linux-x86_64-fedora-clang | 0.13.0 | 340.79 | OK | |||
r-devel-linux-x86_64-fedora-gcc | 0.13.0 | 301.29 | OK | |||
r-devel-windows-x86_64 | 0.13.0 | 15.00 | 198.00 | 213.00 | OK | |
r-patched-linux-x86_64 | 0.13.0 | 13.53 | 189.00 | 202.53 | OK | |
r-release-linux-x86_64 | 0.13.0 | 10.89 | 185.00 | 195.89 | OK | |
r-release-macos-arm64 | 0.13.0 | 87.00 | OK | |||
r-release-macos-x86_64 | 0.13.0 | 172.00 | OK | |||
r-release-windows-x86_64 | 0.13.0 | 13.00 | 200.00 | 213.00 | OK | |
r-oldrel-macos-arm64 | 0.13.0 | 89.00 | OK | |||
r-oldrel-macos-x86_64 | 0.13.0 | 159.00 | OK | |||
r-oldrel-windows-x86_64 | 0.13.0 | 20.00 | 264.00 | 284.00 | OK |
Version: 0.13.0
Check: HTML version of manual
Result: NOTE
Found the following HTML validation problems:
mlr_learners_classif.cv_glmnet.html:327:1 (mlr_learners_classif.cv_glmnet.Rd:213): Warning: <h5> anchor "Usage" already defined
mlr_learners_classif.cv_glmnet.html:364:1 (mlr_learners_classif.cv_glmnet.Rd:234): Warning: <h5> anchor "Usage" already defined
mlr_learners_classif.cv_glmnet.html:370:1 (mlr_learners_classif.cv_glmnet.Rd:238): Warning: <h5> anchor "Arguments" already defined
mlr_learners_classif.glmnet.html:317:1 (mlr_learners_classif.glmnet.Rd:221): Warning: <h5> anchor "Usage" already defined
mlr_learners_classif.glmnet.html:354:1 (mlr_learners_classif.glmnet.Rd:242): Warning: <h5> anchor "Usage" already defined
mlr_learners_classif.glmnet.html:360:1 (mlr_learners_classif.glmnet.Rd:246): Warning: <h5> anchor "Arguments" already defined
mlr_learners_classif.kknn.html:177:1 (mlr_learners_classif.kknn.Rd:191): Warning: <h5> anchor "Usage" already defined
mlr_learners_classif.lda.html:174:1 (mlr_learners_classif.lda.Rd:166): Warning: <h5> anchor "Usage" already defined
mlr_learners_classif.log_reg.html:243:1 (mlr_learners_classif.log_reg.Rd:199): Warning: <h5> anchor "Usage" already defined
mlr_learners_classif.multinom.html:209:1 (mlr_learners_classif.multinom.Rd:165): Warning: <h5> anchor "Usage" already defined
mlr_learners_classif.naive_bayes.html:149:1 (mlr_learners_classif.naive_bayes.Rd:150): Warning: <h5> anchor "Usage" already defined
mlr_learners_classif.nnet.html:237:1 (mlr_learners_classif.nnet.Rd:191): Warning: <h5> anchor "Usage" already defined
mlr_learners_classif.qda.html:166:1 (mlr_learners_classif.qda.Rd:164): Warning: <h5> anchor "Usage" already defined
mlr_learners_classif.ranger.html:301:1 (mlr_learners_classif.ranger.Rd:216): Warning: <h5> anchor "Usage" already defined
mlr_learners_classif.ranger.html:324:1 (mlr_learners_classif.ranger.Rd:229): Warning: <h5> anchor "Usage" already defined
mlr_learners_classif.ranger.html:330:1 (mlr_learners_classif.ranger.Rd:233): Warning: <h5> anchor "Returns" already defined
mlr_learners_classif.ranger.html:347:1 (mlr_learners_classif.ranger.Rd:242): Warning: <h5> anchor "Usage" already defined
mlr_learners_classif.ranger.html:353:1 (mlr_learners_classif.ranger.Rd:246): Warning: <h5> anchor "Returns" already defined
mlr_learners_classif.ranger.html:370:1 (mlr_learners_classif.ranger.Rd:255): Warning: <h5> anchor "Usage" already defined
mlr_learners_classif.svm.html:201:1 (mlr_learners_classif.svm.Rd:169): Warning: <h5> anchor "Usage" already defined
mlr_learners_classif.xgboost.html:471:1 (mlr_learners_classif.xgboost.Rd:310): Warning: <h5> anchor "Usage" already defined
mlr_learners_classif.xgboost.html:494:1 (mlr_learners_classif.xgboost.Rd:323): Warning: <h5> anchor "Usage" already defined
mlr_learners_regr.cv_glmnet.html:322:1 (mlr_learners_regr.cv_glmnet.Rd:206): Warning: <h5> anchor "Usage" already defined
mlr_learners_regr.cv_glmnet.html:359:1 (mlr_learners_regr.cv_glmnet.Rd:227): Warning: <h5> anchor "Usage" already defined
mlr_learners_regr.cv_glmnet.html:365:1 (mlr_learners_regr.cv_glmnet.Rd:231): Warning: <h5> anchor "Arguments" already defined
mlr_learners_regr.glmnet.html:331:1 (mlr_learners_regr.glmnet.Rd:221): Warning: <h5> anchor "Usage" already defined
mlr_learners_regr.glmnet.html:368:1 (mlr_learners_regr.glmnet.Rd:242): Warning: <h5> anchor "Usage" already defined
mlr_learners_regr.glmnet.html:374:1 (mlr_learners_regr.glmnet.Rd:246): Warning: <h5> anchor "Arguments" already defined
mlr_learners_regr.kknn.html:177:1 (mlr_learners_regr.kknn.Rd:191): Warning: <h5> anchor "Usage" already defined
mlr_learners_regr.km.html:265:1 (mlr_learners_regr.km.Rd:190): Warning: <h5> anchor "Usage" already defined
mlr_learners_regr.lm.html:221:1 (mlr_learners_regr.lm.Rd:182): Warning: <h5> anchor "Usage" already defined
mlr_learners_regr.nnet.html:237:1 (mlr_learners_regr.nnet.Rd:191): Warning: <h5> anchor "Usage" already defined
mlr_learners_regr.ranger.html:323:1 (mlr_learners_regr.ranger.Rd:234): Warning: <h5> anchor "Usage" already defined
mlr_learners_regr.ranger.html:346:1 (mlr_learners_regr.ranger.Rd:247): Warning: <h5> anchor "Usage" already defined
mlr_learners_regr.ranger.html:352:1 (mlr_learners_regr.ranger.Rd:251): Warning: <h5> anchor "Returns" already defined
mlr_learners_regr.ranger.html:369:1 (mlr_learners_regr.ranger.Rd:260): Warning: <h5> anchor "Usage" already defined
mlr_learners_regr.ranger.html:375:1 (mlr_learners_regr.ranger.Rd:264): Warning: <h5> anchor "Returns" already defined
mlr_learners_regr.ranger.html:392:1 (mlr_learners_regr.ranger.Rd:273): Warning: <h5> anchor "Usage" already defined
mlr_learners_regr.svm.html:193:1 (mlr_learners_regr.svm.Rd:167): Warning: <h5> anchor "Usage" already defined
mlr_learners_regr.xgboost.html:471:1 (mlr_learners_regr.xgboost.Rd:310): Warning: <h5> anchor "Usage" already defined
mlr_learners_regr.xgboost.html:494:1 (mlr_learners_regr.xgboost.Rd:323): Warning: <h5> anchor "Usage" already defined
Flavor: r-devel-linux-x86_64-debian-gcc