Last updated on 2025-07-27 09:50:24 CEST.
Flavor | Version | Tinstall | Tcheck | Ttotal | Status | Flags |
---|---|---|---|---|---|---|
r-devel-linux-x86_64-debian-clang | 0.10.1 | 10.15 | 62.61 | 72.76 | OK | |
r-devel-linux-x86_64-debian-gcc | 0.10.1 | 6.26 | 45.40 | 51.66 | OK | |
r-devel-linux-x86_64-fedora-clang | 0.10.1 | 119.83 | OK | |||
r-devel-linux-x86_64-fedora-gcc | 0.10.1 | 106.93 | OK | |||
r-devel-windows-x86_64 | 0.10.1 | 15.00 | 80.00 | 95.00 | OK | |
r-patched-linux-x86_64 | 0.10.0 | 10.20 | 55.48 | 65.68 | NOTE | |
r-release-linux-x86_64 | 0.10.1 | 9.32 | 56.60 | 65.92 | OK | |
r-release-macos-arm64 | 0.10.0 | 37.00 | OK | |||
r-release-macos-x86_64 | 0.10.1 | 59.00 | OK | |||
r-release-windows-x86_64 | 0.10.1 | 14.00 | 80.00 | 94.00 | OK | |
r-oldrel-macos-arm64 | 0.10.0 | 31.00 | OK | |||
r-oldrel-macos-x86_64 | 0.10.1 | 72.00 | OK | |||
r-oldrel-windows-x86_64 | 0.10.1 | 16.00 | 93.00 | 109.00 | OK |
Version: 0.10.0
Check: Rd cross-references
Result: NOTE
Found the following Rd file(s) with Rd \link{} targets missing package
anchors:
read_arff.Rd: data.table, fread
Please provide package anchors for all Rd \link{} targets not in the
package itself and the base packages.
Flavor: r-patched-linux-x86_64