Last updated on 2025-10-21 09:48:38 CEST.
Flavor | Version | Tinstall | Tcheck | Ttotal | Status | Flags |
---|---|---|---|---|---|---|
r-devel-linux-x86_64-debian-clang | 0.4 | 5.23 | 31.12 | 36.35 | NOTE | |
r-devel-linux-x86_64-debian-gcc | 0.4 | 4.29 | 25.38 | 29.67 | NOTE | |
r-devel-linux-x86_64-fedora-clang | 0.4 | 58.20 | OK | |||
r-devel-linux-x86_64-fedora-gcc | 0.4 | 53.60 | OK | |||
r-devel-windows-x86_64 | 0.4 | 7.00 | 48.00 | 55.00 | OK | |
r-patched-linux-x86_64 | 0.4 | 5.58 | 29.80 | 35.38 | OK | |
r-release-linux-x86_64 | 0.4 | 6.19 | 30.20 | 36.39 | OK | |
r-release-macos-arm64 | 0.4 | 19.00 | OK | |||
r-release-macos-x86_64 | 0.4 | 43.00 | OK | |||
r-release-windows-x86_64 | 0.4 | 9.00 | 49.00 | 58.00 | OK | |
r-oldrel-macos-arm64 | 0.4 | 19.00 | OK | |||
r-oldrel-macos-x86_64 | 0.4 | 35.00 | OK | |||
r-oldrel-windows-x86_64 | 0.4 | 10.00 | 59.00 | 69.00 | OK |
Version: 0.4
Check: CRAN incoming feasibility
Result: NOTE
Maintainer: ‘Yadu Balehosur <yadu@vizualytics.com>’
No Authors@R field in DESCRIPTION.
Please add one, modifying
Authors@R: person(given = "Yadu",
family = "Balehosur",
role = c("aut", "cre"),
email = "yadu@vizualytics.com")
as necessary.
Flavors: r-devel-linux-x86_64-debian-clang, r-devel-linux-x86_64-debian-gcc
Version: 0.4
Check: HTML version of manual
Result: NOTE
Found the following HTML validation problems:
getxlUI.html:46:1 (getxlUI.Rd:10): Warning: missing </ul> before </div>
xldisp.html:62:1 (xldisp.Rd:18): Warning: missing </ul> before </div>
xldispUI.html:50:1 (xldispUI.Rd:12): Warning: missing </ul> before </div>
Flavor: r-devel-linux-x86_64-debian-gcc