Last updated on 2025-10-21 09:48:39 CEST.
Flavor | Version | Tinstall | Tcheck | Ttotal | Status | Flags |
---|---|---|---|---|---|---|
r-devel-linux-x86_64-debian-clang | 0.3.12 | 51.98 | 70.23 | 122.21 | OK | |
r-devel-linux-x86_64-debian-gcc | 0.3.12 | 38.04 | 50.56 | 88.60 | NOTE | |
r-devel-linux-x86_64-fedora-clang | 0.3.12 | 200.77 | OK | |||
r-devel-linux-x86_64-fedora-gcc | 0.3.12 | 216.21 | OK | |||
r-devel-windows-x86_64 | 0.3.12 | 58.00 | 109.00 | 167.00 | OK | |
r-patched-linux-x86_64 | 0.3.12 | 56.54 | 65.60 | 122.14 | OK | |
r-release-linux-x86_64 | 0.3.12 | 54.78 | 65.74 | 120.52 | OK | |
r-release-macos-arm64 | 0.3.12 | 97.00 | OK | |||
r-release-macos-x86_64 | 0.3.12 | 92.00 | OK | |||
r-release-windows-x86_64 | 0.3.12 | 59.00 | 108.00 | 167.00 | OK | |
r-oldrel-macos-arm64 | 0.3.12 | 61.00 | NOTE | |||
r-oldrel-macos-x86_64 | 0.3.12 | 97.00 | OK | |||
r-oldrel-windows-x86_64 | 0.3.12 | 70.00 | 128.00 | 198.00 | OK |
Version: 0.3.12
Check: HTML version of manual
Result: NOTE
Found the following HTML validation problems:
rep-nanoduration-method.html:68:1 (rep-nanoduration-method.Rd:29): Warning: missing </ul> before </div>
rep-nanoival-method.html:68:1 (rep-nanoival-method.Rd:29): Warning: missing </ul> before </div>
rep-nanoperiod-method.html:68:1 (rep-nanoperiod-method.Rd:29): Warning: missing </ul> before </div>
rep-nanotime-method.html:68:1 (rep-nanotime-method.Rd:29): Warning: missing </ul> before </div>
Flavor: r-devel-linux-x86_64-debian-gcc
Version: 0.3.12
Check: installed package size
Result: NOTE
installed size is 5.2Mb
sub-directories of 1Mb or more:
libs 4.2Mb
Flavor: r-oldrel-macos-arm64