Last updated on 2025-10-22 09:50:42 CEST.
Flavor | Version | Tinstall | Tcheck | Ttotal | Status | Flags |
---|---|---|---|---|---|---|
r-devel-linux-x86_64-debian-clang | 0.1.2 | 5.06 | 87.56 | 92.62 | OK | |
r-devel-linux-x86_64-debian-gcc | 0.1.2 | 3.00 | 66.55 | 69.55 | OK | |
r-devel-linux-x86_64-fedora-clang | 0.1.2 | 14.00 | 127.07 | 141.07 | OK | |
r-devel-linux-x86_64-fedora-gcc | 0.1.2 | 11.00 | 140.03 | 151.03 | OK | |
r-devel-windows-x86_64 | 0.1.2 | 7.00 | 90.00 | 97.00 | OK | |
r-patched-linux-x86_64 | 0.1.2 | 4.85 | 80.79 | 85.64 | OK | |
r-release-linux-x86_64 | 0.1.2 | 4.97 | 81.04 | 86.01 | OK | |
r-release-macos-arm64 | 0.1.2 | 2.00 | 47.00 | 49.00 | OK | |
r-release-macos-x86_64 | 0.1.2 | 5.00 | 97.00 | 102.00 | OK | |
r-release-windows-x86_64 | 0.1.2 | 9.00 | 90.00 | 99.00 | OK | |
r-oldrel-macos-arm64 | 0.1.2 | 2.00 | 50.00 | 52.00 | OK | |
r-oldrel-macos-x86_64 | 0.1.2 | 4.00 | 94.00 | 98.00 | OK | |
r-oldrel-windows-x86_64 | 0.1.2 | 9.00 | 110.00 | 119.00 | ERROR |
Version: 0.1.2
Check: re-building of vignette outputs
Result: ERROR
Error(s) in re-building vignettes:
--- re-building 'netseer.Rmd' using rmarkdown
File man/figures/logo.png not found in resource path
Error: processing vignette 'netseer.Rmd' failed with diagnostics:
pandoc document conversion failed with error 99
--- failed re-building 'netseer.Rmd'
SUMMARY: processing the following file failed:
'netseer.Rmd'
Error: Vignette re-building failed.
Execution halted
Flavor: r-oldrel-windows-x86_64