Last updated on 2025-10-26 08:48:54 CET.
| Flavor | Version | Tinstall | Tcheck | Ttotal | Status | Flags |
|---|---|---|---|---|---|---|
| r-devel-linux-x86_64-debian-clang | 0.2.0 | 2.83 | 49.77 | 52.60 | OK | |
| r-devel-linux-x86_64-debian-gcc | 0.2.0 | 1.79 | 32.52 | 34.31 | ERROR | |
| r-devel-linux-x86_64-fedora-clang | 0.2.0 | 78.50 | OK | |||
| r-devel-linux-x86_64-fedora-gcc | 0.2.0 | 88.44 | OK | |||
| r-devel-windows-x86_64 | 0.2.0 | 5.00 | 117.00 | 122.00 | OK | |
| r-patched-linux-x86_64 | 0.2.0 | 3.18 | 46.45 | 49.63 | OK | |
| r-release-linux-x86_64 | 0.2.0 | 2.63 | 46.53 | 49.16 | OK | |
| r-release-macos-arm64 | 0.2.0 | 2.00 | 75.00 | 77.00 | OK | |
| r-release-macos-x86_64 | 0.2.0 | 3.00 | 112.00 | 115.00 | OK | |
| r-release-windows-x86_64 | 0.2.0 | 5.00 | 112.00 | 117.00 | OK | |
| r-oldrel-macos-arm64 | 0.2.0 | 2.00 | 83.00 | 85.00 | OK | |
| r-oldrel-macos-x86_64 | 0.2.0 | 3.00 | 105.00 | 108.00 | OK | |
| r-oldrel-windows-x86_64 | 0.2.0 | 7.00 | 128.00 | 135.00 | OK |
Version: 0.2.0
Check: examples
Result: ERROR
Running examples in ‘nhlscraper-Ex.R’ failed
The error most likely occurred in:
> base::assign(".ptime", proc.time(), pos = "CheckExEnv")
> ### Name: get_espn_athlete
> ### Title: Get athlete (player) by ESPN Athlete (Player) ID and season
> ### Aliases: get_espn_athlete
>
> ### ** Examples
>
> ESPN_Charlie_McAvoy_20242025 <- get_espn_athlete(athlete=3988803, season=2025)
Error in curl::curl_fetch_memory(url, handle = handle) :
Timeout was reached [sports.core.api.espn.com]:
Connection timed out after 10000 milliseconds
Calls: get_espn_athlete ... request_fetch.write_memory -> <Anonymous> -> raise_libcurl_error
Execution halted
Flavor: r-devel-linux-x86_64-debian-gcc