Last updated on 2025-10-24 09:50:10 CEST.
| Flavor | Version | Tinstall | Tcheck | Ttotal | Status | Flags |
|---|---|---|---|---|---|---|
| r-devel-linux-x86_64-debian-clang | 0.1.4 | 1.65 | 21.96 | 23.61 | OK | |
| r-devel-linux-x86_64-debian-gcc | 0.1.4 | 1.41 | 18.27 | 19.68 | OK | |
| r-devel-linux-x86_64-fedora-clang | 0.1.4 | 36.54 | NOTE | |||
| r-devel-linux-x86_64-fedora-gcc | 0.1.4 | 48.60 | NOTE | |||
| r-devel-windows-x86_64 | 0.1.4 | 3.00 | 43.00 | 46.00 | OK | |
| r-patched-linux-x86_64 | 0.1.4 | 1.44 | 20.85 | 22.29 | OK | |
| r-release-linux-x86_64 | 0.1.4 | 1.39 | 20.95 | 22.34 | OK | |
| r-release-macos-arm64 | 0.1.4 | 1.00 | 22.00 | 23.00 | OK | |
| r-release-macos-x86_64 | 0.1.4 | 1.00 | 39.00 | 40.00 | OK | |
| r-release-windows-x86_64 | 0.1.4 | 4.00 | 44.00 | 48.00 | OK | |
| r-oldrel-macos-arm64 | 0.1.4 | 1.00 | 21.00 | 22.00 | OK | |
| r-oldrel-macos-x86_64 | 0.1.4 | 1.00 | 31.00 | 32.00 | OK | |
| r-oldrel-windows-x86_64 | 0.1.4 | 3.00 | 50.00 | 53.00 | OK |
Version: 0.1.4
Check: dependencies in R code
Result: NOTE
Namespace in Imports field not imported from: ‘MASS’
All declared Imports should be used.
Flavors: r-devel-linux-x86_64-fedora-clang, r-devel-linux-x86_64-fedora-gcc