Last updated on 2025-10-22 09:50:43 CEST.
Flavor | Version | Tinstall | Tcheck | Ttotal | Status | Flags |
---|---|---|---|---|---|---|
r-devel-linux-x86_64-debian-clang | 1.0.4 | 10.04 | 82.05 | 92.09 | NOTE | |
r-devel-linux-x86_64-debian-gcc | 1.0.4 | 6.21 | 58.93 | 65.14 | NOTE | |
r-devel-linux-x86_64-fedora-clang | 1.0.4 | 20.00 | 114.19 | 134.19 | OK | |
r-devel-linux-x86_64-fedora-gcc | 1.0.4 | 17.00 | 109.56 | 126.56 | OK | |
r-devel-windows-x86_64 | 1.0.4 | 10.00 | 88.00 | 98.00 | OK | |
r-patched-linux-x86_64 | 1.0.4 | 9.94 | 73.56 | 83.50 | OK | |
r-release-linux-x86_64 | 1.0.4 | 8.80 | 73.83 | 82.63 | OK | |
r-release-macos-arm64 | 1.0.4 | 4.00 | 39.00 | 43.00 | OK | |
r-release-macos-x86_64 | 1.0.4 | 16.00 | 67.00 | 83.00 | OK | |
r-release-windows-x86_64 | 1.0.4 | 10.00 | 89.00 | 99.00 | OK | |
r-oldrel-macos-arm64 | 1.0.4 | 4.00 | 34.00 | 38.00 | OK | |
r-oldrel-macos-x86_64 | 1.0.4 | 7.00 | 52.00 | 59.00 | OK | |
r-oldrel-windows-x86_64 | 1.0.4 | 12.00 | 109.00 | 121.00 | OK |
Version: 1.0.4
Check: HTML version of manual
Result: NOTE
Found the following HTML validation problems:
as_colwise.html:46:1 (as_colwise.Rd:10): Warning: missing </ul> before </div>
new_solution.html:78:1 (new_solution.Rd:30): Warning: missing </ul> before </div>
Flavors: r-devel-linux-x86_64-debian-clang, r-devel-linux-x86_64-debian-gcc