Last updated on 2025-10-25 09:49:40 CEST.
| Flavor | Version | Tinstall | Tcheck | Ttotal | Status | Flags |
|---|---|---|---|---|---|---|
| r-devel-linux-x86_64-debian-clang | 1.0.2 | 1.99 | 50.41 | 52.40 | NOTE | |
| r-devel-linux-x86_64-debian-gcc | 1.0.2 | 1.56 | 37.42 | 38.98 | NOTE | |
| r-devel-linux-x86_64-fedora-clang | 1.0.2 | 83.45 | OK | |||
| r-devel-linux-x86_64-fedora-gcc | 1.0.2 | 91.33 | OK | |||
| r-devel-windows-x86_64 | 1.0.2 | 4.00 | 198.00 | 202.00 | OK | |
| r-patched-linux-x86_64 | 1.0.2 | 1.91 | 47.63 | 49.54 | OK | |
| r-release-linux-x86_64 | 1.0.2 | 1.77 | 47.76 | 49.53 | OK | |
| r-release-macos-arm64 | 1.0.2 | 1.00 | 104.00 | 105.00 | OK | |
| r-release-macos-x86_64 | 1.0.2 | 2.00 | 286.00 | 288.00 | OK | |
| r-release-windows-x86_64 | 1.0.2 | 3.00 | 197.00 | 200.00 | OK | |
| r-oldrel-macos-arm64 | 1.0.2 | 1.00 | 107.00 | 108.00 | OK | |
| r-oldrel-macos-x86_64 | 1.0.2 | 2.00 | 161.00 | 163.00 | OK | |
| r-oldrel-windows-x86_64 | 1.0.2 | 4.00 | 281.00 | 285.00 | OK |
Version: 1.0.2
Check: CRAN incoming feasibility
Result: NOTE
Maintainer: ‘Peter DeWitt <peter.dewitt@cuanschutz.edu>’
Package CITATION file contains call(s) to old-style citEntry(). Please
use bibentry() instead.
Flavors: r-devel-linux-x86_64-debian-clang, r-devel-linux-x86_64-debian-gcc