Last updated on 2025-10-25 09:49:39 CEST.
| Flavor | Version | Tinstall | Tcheck | Ttotal | Status | Flags |
|---|---|---|---|---|---|---|
| r-devel-linux-x86_64-debian-clang | 0.4.2 | 4.72 | 116.05 | 120.77 | OK | |
| r-devel-linux-x86_64-debian-gcc | 0.4.2 | 3.42 | 81.77 | 85.19 | OK | |
| r-devel-linux-x86_64-fedora-clang | 0.4.2 | 10.00 | 165.53 | 175.53 | OK | |
| r-devel-linux-x86_64-fedora-gcc | 0.4.2 | 11.00 | 173.24 | 184.24 | OK | |
| r-devel-windows-x86_64 | 0.4.2 | 6.00 | 119.00 | 125.00 | OK | |
| r-patched-linux-x86_64 | 0.4.2 | 5.12 | 109.03 | 114.15 | OK | |
| r-release-linux-x86_64 | 0.4.2 | 4.66 | 107.61 | 112.27 | OK | |
| r-release-macos-arm64 | 0.4.2 | 2.00 | 68.00 | 70.00 | OK | |
| r-release-macos-x86_64 | 0.4.2 | 4.00 | 114.00 | 118.00 | OK | |
| r-release-windows-x86_64 | 0.4.2 | 7.00 | 117.00 | 124.00 | OK | |
| r-oldrel-macos-arm64 | 0.4.2 | 2.00 | 52.00 | 54.00 | NOTE | |
| r-oldrel-macos-x86_64 | 0.4.2 | 6.00 | 148.00 | 154.00 | NOTE | |
| r-oldrel-windows-x86_64 | 0.4.2 | 8.00 | 153.00 | 161.00 | NOTE |
Version: 0.4.2
Check: LazyData
Result: NOTE
'LazyData' is specified without a 'data' directory
Flavors: r-oldrel-macos-arm64, r-oldrel-macos-x86_64, r-oldrel-windows-x86_64