CRAN Package Check Results for Package phd

Last updated on 2025-10-22 09:50:45 CEST.

Flavor Version Tinstall Tcheck Ttotal Status Flags
r-devel-linux-x86_64-debian-clang 0.2 6.20 56.50 62.70 NOTE
r-devel-linux-x86_64-debian-gcc 0.2 5.05 42.26 47.31 NOTE
r-devel-linux-x86_64-fedora-clang 0.2 14.00 80.72 94.72 OK
r-devel-linux-x86_64-fedora-gcc 0.2 15.00 79.61 94.61 OK
r-devel-windows-x86_64 0.2 8.00 65.00 73.00 OK
r-patched-linux-x86_64 0.2 6.46 53.90 60.36 OK
r-release-linux-x86_64 0.2 6.67 53.65 60.32 OK
r-release-macos-arm64 0.2 3.00 28.00 31.00 OK
r-release-macos-x86_64 0.2 6.00 51.00 57.00 OK
r-release-windows-x86_64 0.2 8.00 64.00 72.00 OK
r-oldrel-macos-arm64 0.2 3.00 27.00 30.00 OK
r-oldrel-macos-x86_64 0.2 5.00 38.00 43.00 OK
r-oldrel-windows-x86_64 0.2 10.00 78.00 88.00 OK

Check Details

Version: 0.2
Check: CRAN incoming feasibility
Result: NOTE Maintainer: ‘Jesse Hemerik <jesse.hemerik@wur.nl>’ No Authors@R field in DESCRIPTION. Please add one, modifying Authors@R: c(person(given = "Jesse", family = "Hemerik", role = c("aut", "cre"), email = "jesse.hemerik@wur.nl"), person(given = "Livio", family = "Finos", role = "aut")) as necessary. Flavors: r-devel-linux-x86_64-debian-clang, r-devel-linux-x86_64-debian-gcc