Last updated on 2025-10-24 09:50:12 CEST.
| Flavor | Version | Tinstall | Tcheck | Ttotal | Status | Flags |
|---|---|---|---|---|---|---|
| r-devel-linux-x86_64-debian-clang | 1.4-5 | 6.15 | 39.15 | 45.30 | NOTE | |
| r-devel-linux-x86_64-debian-gcc | 1.4-5 | 4.58 | 28.79 | 33.37 | NOTE | |
| r-devel-linux-x86_64-fedora-clang | 1.4-5 | 13.00 | 54.12 | 67.12 | OK | |
| r-devel-linux-x86_64-fedora-gcc | 1.4-5 | 12.00 | 52.74 | 64.74 | OK | |
| r-devel-windows-x86_64 | 1.4-5 | 10.00 | 60.00 | 70.00 | OK | |
| r-patched-linux-x86_64 | 1.4-5 | 5.85 | 37.54 | 43.39 | OK | |
| r-release-linux-x86_64 | 1.4-5 | 5.81 | 36.93 | 42.74 | OK | |
| r-release-macos-arm64 | 1.4-5 | 4.00 | 23.00 | 27.00 | OK | |
| r-release-macos-x86_64 | 1.4-5 | 6.00 | 36.00 | 42.00 | OK | |
| r-release-windows-x86_64 | 1.4-5 | 10.00 | 60.00 | 70.00 | OK | |
| r-oldrel-macos-arm64 | 1.4-5 | 4.00 | 20.00 | 24.00 | OK | |
| r-oldrel-macos-x86_64 | 1.4-5 | 5.00 | 29.00 | 34.00 | OK | |
| r-oldrel-windows-x86_64 | 1.4-5 | 13.00 | 72.00 | 85.00 | OK |
Version: 1.4-5
Check: CRAN incoming feasibility
Result: NOTE
Maintainer: ‘Daniel Doktor <daniel.doktor@ufz.de>’
No Authors@R field in DESCRIPTION.
Please add one, modifying
Authors@R: c(person(given = "Maximilian",
family = "Lange",
role = "aut"),
person(given = "Daniel",
family = "Doktor",
role = c("aut", "cre"),
email = "daniel.doktor@ufz.de"))
as necessary.
Flavors: r-devel-linux-x86_64-debian-clang, r-devel-linux-x86_64-debian-gcc