Last updated on 2025-11-01 08:49:51 CET.
| Flavor | Version | Tinstall | Tcheck | Ttotal | Status | Flags |
|---|---|---|---|---|---|---|
| r-devel-linux-x86_64-debian-clang | 0.9.4 | 7.14 | 97.07 | 104.21 | NOTE | |
| r-devel-linux-x86_64-debian-gcc | 0.9.4 | 4.25 | 66.63 | 70.88 | NOTE | |
| r-devel-linux-x86_64-fedora-clang | 0.9.4 | 15.00 | 136.33 | 151.33 | NOTE | |
| r-devel-linux-x86_64-fedora-gcc | 0.9.4 | 16.00 | 147.37 | 163.37 | NOTE | |
| r-devel-windows-x86_64 | 0.9.4 | 9.00 | 113.00 | 122.00 | NOTE | |
| r-patched-linux-x86_64 | 0.9.4 | 8.47 | 88.56 | 97.03 | NOTE | |
| r-release-linux-x86_64 | 0.9.4 | 6.58 | 88.05 | 94.63 | NOTE | |
| r-release-macos-arm64 | 0.9.4 | 3.00 | 50.00 | 53.00 | NOTE | |
| r-release-macos-x86_64 | 0.9.4 | 6.00 | 98.00 | 104.00 | NOTE | |
| r-release-windows-x86_64 | 0.9.4 | 8.00 | 114.00 | 122.00 | NOTE | |
| r-oldrel-macos-arm64 | 0.9.4 | 3.00 | 42.00 | 45.00 | NOTE | |
| r-oldrel-macos-x86_64 | 0.9.4 | 6.00 | 70.00 | 76.00 | NOTE | |
| r-oldrel-windows-x86_64 | 0.9.4 | 12.00 | 134.00 | 146.00 | NOTE |
Version: 0.9.4
Check: Rd files
Result: NOTE
checkRd: (-1) sprinkle_colnames.Rd:26-28: Lost braces in \itemize; meant \describe ?
checkRd: (-1) sprinkle_colnames.Rd:29-31: Lost braces in \itemize; meant \describe ?
checkRd: (-1) tidy_levels_labels.Rd:62: Lost braces in \itemize; meant \describe ?
checkRd: (-1) tidy_levels_labels.Rd:63-68: Lost braces in \itemize; meant \describe ?
checkRd: (-1) tidy_levels_labels.Rd:69-73: Lost braces in \itemize; meant \describe ?
checkRd: (-1) tidy_levels_labels.Rd:74-77: Lost braces in \itemize; meant \describe ?
checkRd: (-1) tidy_levels_labels.Rd:78-83: Lost braces in \itemize; meant \describe ?
Flavors: r-devel-linux-x86_64-debian-clang, r-devel-linux-x86_64-debian-gcc, r-devel-linux-x86_64-fedora-clang, r-devel-linux-x86_64-fedora-gcc, r-devel-windows-x86_64, r-patched-linux-x86_64, r-release-linux-x86_64, r-release-macos-arm64, r-release-macos-x86_64, r-release-windows-x86_64, r-oldrel-macos-arm64, r-oldrel-macos-x86_64, r-oldrel-windows-x86_64