Last updated on 2025-10-26 08:48:56 CET.
| Flavor | Version | Tinstall | Tcheck | Ttotal | Status | Flags |
|---|---|---|---|---|---|---|
| r-devel-linux-x86_64-debian-clang | 0.1.3 | 1.59 | 77.84 | 79.43 | NOTE | |
| r-devel-linux-x86_64-debian-gcc | 0.1.3 | 1.42 | 54.11 | 55.53 | NOTE | |
| r-devel-linux-x86_64-fedora-clang | 0.1.3 | 118.76 | OK | |||
| r-devel-linux-x86_64-fedora-gcc | 0.1.3 | 132.35 | OK | |||
| r-devel-windows-x86_64 | 0.1.3 | 3.00 | 81.00 | 84.00 | OK | |
| r-patched-linux-x86_64 | 0.1.3 | 1.62 | 74.46 | 76.08 | OK | |
| r-release-linux-x86_64 | 0.1.3 | 1.54 | 73.37 | 74.91 | OK | |
| r-release-macos-arm64 | 0.1.3 | 1.00 | 40.00 | 41.00 | OK | |
| r-release-macos-x86_64 | 0.1.3 | 1.00 | 80.00 | 81.00 | OK | |
| r-release-windows-x86_64 | 0.1.3 | 3.00 | 81.00 | 84.00 | OK | |
| r-oldrel-macos-arm64 | 0.1.3 | 1.00 | 41.00 | 42.00 | OK | |
| r-oldrel-macos-x86_64 | 0.1.3 | 1.00 | 60.00 | 61.00 | OK | |
| r-oldrel-windows-x86_64 | 0.1.3 | 4.00 | 113.00 | 117.00 | OK |
Version: 0.1.3
Check: CRAN incoming feasibility
Result: NOTE
Maintainer: ‘Davi Castro-Tavares <davi.tavares@leibniz-zmt.de>’
Package CITATION file contains call(s) to old-style personList() or
as.personList(). Please use c() on person objects instead.
Package CITATION file contains call(s) to old-style citEntry(). Please
use bibentry() instead.
Flavors: r-devel-linux-x86_64-debian-clang, r-devel-linux-x86_64-debian-gcc