CRAN Package Check Results for Package prevederer

Last updated on 2025-10-22 09:50:46 CEST.

Flavor Version Tinstall Tcheck Ttotal Status Flags
r-devel-linux-x86_64-debian-clang 0.0.1 1.93 22.80 24.73 OK
r-devel-linux-x86_64-debian-gcc 0.0.1 1.47 18.54 20.01 OK
r-devel-linux-x86_64-fedora-clang 0.0.1 34.79 OK
r-devel-linux-x86_64-fedora-gcc 0.0.1 33.20 OK
r-devel-windows-x86_64 0.0.1 3.00 42.00 45.00 OK
r-patched-linux-x86_64 0.0.1 1.83 20.79 22.62 OK
r-release-linux-x86_64 0.0.1 1.83 20.62 22.45 OK
r-release-macos-arm64 0.0.1 1.00 19.00 20.00 OK
r-release-macos-x86_64 0.0.1 2.00 25.00 27.00 OK
r-release-windows-x86_64 0.0.1 4.00 44.00 48.00 OK
r-oldrel-macos-arm64 0.0.1 1.00 14.00 15.00 NOTE
r-oldrel-macos-x86_64 0.0.1 2.00 21.00 23.00 NOTE
r-oldrel-windows-x86_64 0.0.1 5.00 46.00 51.00 NOTE

Check Details

Version: 0.0.1
Check: LazyData
Result: NOTE 'LazyData' is specified without a 'data' directory Flavors: r-oldrel-macos-arm64, r-oldrel-macos-x86_64, r-oldrel-windows-x86_64