Last updated on 2025-10-21 09:48:42 CEST.
Flavor | Version | Tinstall | Tcheck | Ttotal | Status | Flags |
---|---|---|---|---|---|---|
r-devel-linux-x86_64-debian-clang | 0.1.6 | 29.19 | 44.10 | 73.29 | NOTE | |
r-devel-linux-x86_64-debian-gcc | 0.1.6 | 19.09 | 32.59 | 51.68 | NOTE | |
r-devel-linux-x86_64-fedora-clang | 0.1.6 | 126.22 | NOTE | |||
r-devel-linux-x86_64-fedora-gcc | 0.1.6 | 119.44 | NOTE | |||
r-devel-windows-x86_64 | 0.1.6 | 35.00 | 85.00 | 120.00 | NOTE | |
r-patched-linux-x86_64 | 0.1.6 | 27.95 | 41.48 | 69.43 | NOTE | |
r-release-linux-x86_64 | 0.1.6 | 29.25 | 41.34 | 70.59 | NOTE | |
r-release-macos-arm64 | 0.1.6 | 48.00 | NOTE | |||
r-release-macos-x86_64 | 0.1.6 | 59.00 | NOTE | |||
r-release-windows-x86_64 | 0.1.6 | 35.00 | 87.00 | 122.00 | NOTE | |
r-oldrel-macos-arm64 | 0.1.6 | 37.00 | OK | |||
r-oldrel-macos-x86_64 | 0.1.6 | 52.00 | OK | |||
r-oldrel-windows-x86_64 | 0.1.6 | 42.00 | 101.00 | 143.00 | OK |
Version: 0.1.6
Check: compiled code
Result: NOTE
File ‘pryr/libs/pryr.so’:
Found non-API calls to R: ‘BODY’, ‘CLOENV’, ‘ENCLOS’, ‘EXTPTR_PROT’,
‘EXTPTR_TAG’, ‘FORMALS’, ‘FRAME’, ‘HASHTAB’, ‘NAMED’, ‘PRCODE’,
‘PRENV’, ‘PRVALUE’, ‘Rf_findVarInFrame3’
Compiled code should not call non-API entry points in R.
See ‘Writing portable packages’ in the ‘Writing R Extensions’ manual,
and section ‘Moving into C API compliance’ for issues with the use of
non-API entry points.
Flavors: r-devel-linux-x86_64-debian-clang, r-devel-linux-x86_64-debian-gcc, r-devel-linux-x86_64-fedora-clang, r-devel-linux-x86_64-fedora-gcc, r-patched-linux-x86_64, r-release-linux-x86_64, r-release-macos-arm64, r-release-macos-x86_64
Version: 0.1.6
Check: HTML version of manual
Result: NOTE
Found the following HTML validation problems:
as.envlist.html:46:1 (as.envlist.Rd:10): Warning: missing </ul> before </div>
explicit.html:56:1 (explicit.Rd:17): Warning: missing </ul> before </div>
print.envlist.html:61:1 (print.envlist.Rd:18): Warning: missing </ul> before </div>
standardise_call.html:50:1 (standardise_call.Rd:12): Warning: missing </ul> before </div>
Flavor: r-devel-linux-x86_64-debian-gcc
Version: 0.1.6
Check: compiled code
Result: NOTE
File 'pryr/libs/x64/pryr.dll':
Found non-API calls to R: 'BODY', 'CLOENV', 'ENCLOS', 'EXTPTR_PROT',
'EXTPTR_TAG', 'FORMALS', 'FRAME', 'HASHTAB', 'NAMED', 'PRCODE',
'PRENV', 'PRVALUE', 'Rf_findVarInFrame3'
Compiled code should not call non-API entry points in R.
See 'Writing portable packages' in the 'Writing R Extensions' manual,
and section 'Moving into C API compliance' for issues with the use of
non-API entry points.
Flavors: r-devel-windows-x86_64, r-release-windows-x86_64