Last updated on 2025-10-24 09:50:14 CEST.
| Flavor | Version | Tinstall | Tcheck | Ttotal | Status | Flags |
|---|---|---|---|---|---|---|
| r-devel-linux-x86_64-debian-clang | 1.1.1 | 298.62 | 185.40 | 484.02 | NOTE | |
| r-devel-linux-x86_64-debian-gcc | 1.1.1 | 252.46 | 131.51 | 383.97 | OK | |
| r-devel-linux-x86_64-fedora-clang | 1.1.1 | 422.00 | 354.51 | 776.51 | OK | |
| r-devel-linux-x86_64-fedora-gcc | 1.1.1 | 404.00 | 534.63 | 938.63 | OK | |
| r-devel-windows-x86_64 | 1.1.1 | 324.00 | 209.00 | 533.00 | OK | |
| r-patched-linux-x86_64 | 1.1.1 | 357.48 | 191.08 | 548.56 | OK | |
| r-release-linux-x86_64 | 1.1.1 | 356.92 | 193.20 | 550.12 | OK | |
| r-release-macos-arm64 | 1.1.1 | 144.00 | 79.00 | 223.00 | OK | |
| r-release-macos-x86_64 | 1.1.1 | 133.00 | 172.00 | 305.00 | OK | |
| r-release-windows-x86_64 | 1.1.1 | 326.00 | 215.00 | 541.00 | OK | |
| r-oldrel-macos-arm64 | 1.1.1 | 138.00 | 71.00 | 209.00 | NOTE | |
| r-oldrel-macos-x86_64 | 1.1.1 | 114.00 | 126.00 | 240.00 | NOTE | |
| r-oldrel-windows-x86_64 | 1.1.1 | 384.00 | 282.00 | 666.00 | OK |
Version: 1.1.1
Check: HTML version of manual
Result: NOTE
Found the following HTML validation problems:
S_fromUL.html:51:1 (S_fromUL.Rd:12): Warning: missing </ul> before </div>
sum_counterdiag.html:53:1 (sum_counterdiag.Rd:13): Warning: missing </ul> before </div>
tr.html:46:1 (tr.Rd:10): Warning: missing </ul> before </div>
Flavor: r-devel-linux-x86_64-debian-clang
Version: 1.1.1
Check: installed package size
Result: NOTE
installed size is 145.3Mb
sub-directories of 1Mb or more:
libs 144.1Mb
Flavors: r-oldrel-macos-arm64, r-oldrel-macos-x86_64