CRAN Package Check Results for Package qgisprocess

Last updated on 2025-10-22 09:50:47 CEST.

Flavor Version Tinstall Tcheck Ttotal Status Flags
r-devel-linux-x86_64-debian-clang 0.4.1 5.21 86.19 91.40 NOTE
r-devel-linux-x86_64-debian-gcc 0.4.1 3.40 59.10 62.50 NOTE
r-devel-linux-x86_64-fedora-clang 0.4.1 23.00 124.96 147.96 NOTE
r-devel-linux-x86_64-fedora-gcc 0.4.1 14.00 137.16 151.16 NOTE
r-devel-windows-x86_64 0.4.1 8.00 100.00 108.00 NOTE
r-patched-linux-x86_64 0.4.1 5.52 78.33 83.85 NOTE
r-release-linux-x86_64 0.4.1 4.80 79.39 84.19 NOTE
r-release-macos-arm64 0.4.1 3.00 55.00 58.00 NOTE
r-release-macos-x86_64 0.4.1 6.00 99.00 105.00 NOTE
r-release-windows-x86_64 0.4.1 9.00 106.00 115.00 NOTE
r-oldrel-macos-arm64 0.4.1 3.00 48.00 51.00 NOTE
r-oldrel-macos-x86_64 0.4.1 5.00 79.00 84.00 NOTE
r-oldrel-windows-x86_64 0.4.1 11.00 127.00 138.00 NOTE

Check Details

Version: 0.4.1
Check: DESCRIPTION meta-information
Result: NOTE Missing dependency on R >= 4.1.0 because package code uses the pipe |> or function shorthand \(...) syntax added in R 4.1.0. File(s) using such syntax: ‘qgis_run_algorithm_p.Rd’ Flavors: r-devel-linux-x86_64-debian-clang, r-devel-linux-x86_64-debian-gcc, r-devel-linux-x86_64-fedora-clang, r-devel-linux-x86_64-fedora-gcc, r-devel-windows-x86_64, r-patched-linux-x86_64, r-release-linux-x86_64, r-release-macos-arm64, r-release-macos-x86_64, r-release-windows-x86_64

Version: 0.4.1
Check: package dependencies
Result: NOTE Package suggested but not available for checking: ‘spDataLarge’ Flavors: r-oldrel-macos-arm64, r-oldrel-macos-x86_64, r-oldrel-windows-x86_64