Last updated on 2025-10-25 09:49:40 CEST.
| Flavor | Version | Tinstall | Tcheck | Ttotal | Status | Flags |
|---|---|---|---|---|---|---|
| r-devel-linux-x86_64-debian-clang | 0.2.0 | 9.37 | 114.25 | 123.62 | NOTE | |
| r-devel-linux-x86_64-debian-gcc | 0.2.0 | 7.11 | 78.87 | 85.98 | NOTE | |
| r-devel-linux-x86_64-fedora-clang | 0.2.0 | 27.00 | 165.54 | 192.54 | NOTE | |
| r-devel-linux-x86_64-fedora-gcc | 0.2.0 | 21.00 | 172.16 | 193.16 | NOTE | |
| r-devel-windows-x86_64 | 0.2.0 | 11.00 | 112.00 | 123.00 | NOTE | |
| r-patched-linux-x86_64 | 0.2.0 | 7.72 | 104.46 | 112.18 | NOTE | |
| r-release-linux-x86_64 | 0.2.0 | 8.77 | 104.58 | 113.35 | NOTE | |
| r-release-macos-arm64 | 0.2.0 | 3.00 | 48.00 | 51.00 | NOTE | |
| r-release-macos-x86_64 | 0.2.0 | 6.00 | 100.00 | 106.00 | NOTE | |
| r-release-windows-x86_64 | 0.2.0 | 13.00 | 114.00 | 127.00 | NOTE | |
| r-oldrel-macos-arm64 | 0.2.0 | 3.00 | 47.00 | 50.00 | OK | |
| r-oldrel-macos-x86_64 | 0.2.0 | 5.00 | 81.00 | 86.00 | OK | |
| r-oldrel-windows-x86_64 | 0.2.0 | 15.00 | 144.00 | 159.00 | OK |
Version: 0.2.0
Check: DESCRIPTION meta-information
Result: NOTE
Missing dependency on R >= 4.2.0 because package code uses the pipe
placeholder syntax added in R 4.2.0.
File(s) using such syntax:
‘all_new_functions.R’
Flavors: r-devel-linux-x86_64-debian-clang, r-devel-linux-x86_64-debian-gcc, r-devel-linux-x86_64-fedora-clang, r-devel-linux-x86_64-fedora-gcc, r-devel-windows-x86_64, r-patched-linux-x86_64, r-release-linux-x86_64, r-release-macos-arm64, r-release-macos-x86_64, r-release-windows-x86_64