Last updated on 2025-10-24 09:50:14 CEST.
| Flavor | Version | Tinstall | Tcheck | Ttotal | Status | Flags |
|---|---|---|---|---|---|---|
| r-devel-linux-x86_64-debian-clang | 0.0-2 | 1.73 | 21.71 | 23.44 | OK | |
| r-devel-linux-x86_64-debian-gcc | 0.0-2 | 1.53 | 17.69 | 19.22 | NOTE | |
| r-devel-linux-x86_64-fedora-clang | 0.0-2 | 34.12 | OK | |||
| r-devel-linux-x86_64-fedora-gcc | 0.0-2 | 32.95 | OK | |||
| r-devel-windows-x86_64 | 0.0-2 | 3.00 | 39.00 | 42.00 | OK | |
| r-patched-linux-x86_64 | 0.0-2 | 1.96 | 20.08 | 22.04 | OK | |
| r-release-linux-x86_64 | 0.0-2 | 1.71 | 19.93 | 21.64 | OK | |
| r-release-macos-arm64 | 0.0-2 | 1.00 | 16.00 | 17.00 | OK | |
| r-release-macos-x86_64 | 0.0-2 | 2.00 | 22.00 | 24.00 | OK | |
| r-release-windows-x86_64 | 0.0-2 | 4.00 | 41.00 | 45.00 | OK | |
| r-oldrel-macos-arm64 | 0.0-2 | 1.00 | 20.00 | 21.00 | OK | |
| r-oldrel-macos-x86_64 | 0.0-2 | 1.00 | 21.00 | 22.00 | OK | |
| r-oldrel-windows-x86_64 | 0.0-2 | 4.00 | 45.00 | 49.00 | OK |
Version: 0.0-2
Check: Rd files
Result: NOTE
checkRd: (-1) quad.form.Rd:81-114: Only 4 columns allowed in this table (row 1 has 1)
Flavor: r-devel-linux-x86_64-debian-gcc