Last updated on 2025-10-25 09:49:40 CEST.
| Flavor | Version | Tinstall | Tcheck | Ttotal | Status | Flags |
|---|---|---|---|---|---|---|
| r-devel-linux-x86_64-debian-clang | 1.0.1 | 72.42 | 66.69 | 139.11 | OK | |
| r-devel-linux-x86_64-debian-gcc | 1.0.1 | 27.15 | 53.32 | 80.47 | OK | |
| r-devel-linux-x86_64-fedora-clang | 1.0.1 | 255.00 | -38.88 | 216.12 | OK | |
| r-devel-linux-x86_64-fedora-gcc | 1.0.1 | 78.00 | 114.58 | 192.58 | OK | |
| r-devel-windows-x86_64 | 1.0.1 | 42.00 | 105.00 | 147.00 | OK | |
| r-patched-linux-x86_64 | 1.0.1 | 37.88 | 64.67 | 102.55 | OK | |
| r-release-linux-x86_64 | 1.0.1 | 37.95 | 63.72 | 101.67 | OK | |
| r-release-macos-arm64 | 1.0.1 | 48.00 | 81.00 | 129.00 | OK | |
| r-release-macos-x86_64 | 1.0.1 | 35.00 | 120.00 | 155.00 | OK | |
| r-release-windows-x86_64 | 1.0.1 | 48.00 | 106.00 | 154.00 | OK | |
| r-oldrel-macos-arm64 | 1.0.1 | 50.00 | 44.00 | 94.00 | NOTE | |
| r-oldrel-macos-x86_64 | 1.0.1 | 42.00 | 104.00 | 146.00 | NOTE | |
| r-oldrel-windows-x86_64 | 1.0.1 | 48.00 | 125.00 | 173.00 | OK |
Version: 1.0.1
Check: installed package size
Result: NOTE
installed size is 10.3Mb
sub-directories of 1Mb or more:
doc 1.1Mb
libs 9.0Mb
Flavors: r-oldrel-macos-arm64, r-oldrel-macos-x86_64