Last updated on 2025-10-24 09:50:14 CEST.
| Flavor | Version | Tinstall | Tcheck | Ttotal | Status | Flags |
|---|---|---|---|---|---|---|
| r-devel-linux-x86_64-debian-clang | 0.1.0 | 1.71 | 22.63 | 24.34 | OK | |
| r-devel-linux-x86_64-debian-gcc | 0.1.0 | 1.43 | 18.67 | 20.10 | OK | |
| r-devel-linux-x86_64-fedora-clang | 0.1.0 | 37.04 | NOTE | |||
| r-devel-linux-x86_64-fedora-gcc | 0.1.0 | 51.83 | NOTE | |||
| r-devel-windows-x86_64 | 0.1.0 | 4.00 | 44.00 | 48.00 | OK | |
| r-patched-linux-x86_64 | 0.1.0 | 1.69 | 21.49 | 23.18 | OK | |
| r-release-linux-x86_64 | 0.1.0 | 1.52 | 21.25 | 22.77 | OK | |
| r-release-macos-arm64 | 0.1.0 | 1.00 | 42.00 | 43.00 | OK | |
| r-release-macos-x86_64 | 0.1.0 | 2.00 | 44.00 | 46.00 | OK | |
| r-release-windows-x86_64 | 0.1.0 | 4.00 | 44.00 | 48.00 | OK | |
| r-oldrel-macos-arm64 | 0.1.0 | 1.00 | 24.00 | 25.00 | OK | |
| r-oldrel-macos-x86_64 | 0.1.0 | 2.00 | 33.00 | 35.00 | OK | |
| r-oldrel-windows-x86_64 | 0.1.0 | 5.00 | 51.00 | 56.00 | OK |
Version: 0.1.0
Check: dependencies in R code
Result: NOTE
Namespaces in Imports field not imported from:
‘shiny’ ‘utils’
All declared Imports should be used.
Flavors: r-devel-linux-x86_64-fedora-clang, r-devel-linux-x86_64-fedora-gcc