Last updated on 2025-11-03 09:49:40 CET.
| Flavor | Version | Tinstall | Tcheck | Ttotal | Status | Flags | 
|---|---|---|---|---|---|---|
| r-devel-linux-x86_64-debian-clang | 1.0.4 | 2.25 | 40.46 | 42.71 | NOTE | |
| r-devel-linux-x86_64-debian-gcc | 1.0.4 | 2.09 | 28.44 | 30.53 | NOTE | |
| r-devel-linux-x86_64-fedora-clang | 1.0.4 | 71.07 | OK | |||
| r-devel-linux-x86_64-fedora-gcc | 1.0.4 | 64.97 | OK | |||
| r-devel-windows-x86_64 | 1.0.4 | 4.00 | 54.00 | 58.00 | OK | |
| r-patched-linux-x86_64 | 1.0.4 | 2.54 | 37.90 | 40.44 | OK | |
| r-release-linux-x86_64 | 1.0.4 | 2.70 | 38.22 | 40.92 | OK | |
| r-release-macos-arm64 | 1.0.4 | 1.00 | 22.00 | 23.00 | OK | |
| r-release-macos-x86_64 | 1.0.4 | 2.00 | 41.00 | 43.00 | OK | |
| r-release-windows-x86_64 | 1.0.4 | 4.00 | 52.00 | 56.00 | OK | |
| r-oldrel-macos-arm64 | 1.0.4 | 1.00 | 19.00 | 20.00 | OK | |
| r-oldrel-macos-x86_64 | 1.0.4 | 2.00 | 32.00 | 34.00 | OK | |
| r-oldrel-windows-x86_64 | 1.0.4 | 6.00 | 66.00 | 72.00 | OK | 
Version: 1.0.4
Check: CRAN incoming feasibility
Result: NOTE
  Maintainer: ‘David Moriña Soler <david.morina@uab.cat>’
  
  No Authors@R field in DESCRIPTION.
  Please add one, modifying
    Authors@R: c(person(given = "David",
                        family = "Moriña",
                        role = c("aut", "cre"),
                        email = "david.morina@uab.cat",
                        comment = "Barcelona Graduate School of Mathematics"),
                 person(given = "Manuel",
                        family = "Higueras",
                        role = "aut",
                        comment = "Basque Center for Applied Mathematics"),
                 person(given = "Pedro",
                        family = "Puig",
                        role = "aut",
                        comment = "Universitat Autònoma de Barcelona"))
  as necessary.
  
  Package CITATION file contains call(s) to old-style personList() or
  as.personList().  Please use c() on person objects instead.
  Package CITATION file contains call(s) to old-style citEntry().  Please
  use bibentry() instead.
Flavors: r-devel-linux-x86_64-debian-clang, r-devel-linux-x86_64-debian-gcc