Last updated on 2025-10-21 09:48:42 CEST.
Flavor | Version | Tinstall | Tcheck | Ttotal | Status | Flags |
---|---|---|---|---|---|---|
r-devel-linux-x86_64-debian-clang | 3.0.2 | 31.42 | 174.29 | 205.71 | NOTE | |
r-devel-linux-x86_64-debian-gcc | 3.0.2 | 20.48 | 121.35 | 141.83 | NOTE | |
r-devel-linux-x86_64-fedora-clang | 3.0.2 | 327.16 | NOTE | |||
r-devel-linux-x86_64-fedora-gcc | 3.0.2 | 303.27 | NOTE | |||
r-devel-windows-x86_64 | 3.0.2 | 31.00 | 176.00 | 207.00 | NOTE | |
r-patched-linux-x86_64 | 3.0.2 | 30.72 | 167.56 | 198.28 | NOTE | |
r-release-linux-x86_64 | 3.0.2 | 31.48 | 164.66 | 196.14 | NOTE | |
r-release-macos-arm64 | 3.0.2 | 74.00 | NOTE | |||
r-release-macos-x86_64 | 3.0.2 | 162.00 | NOTE | |||
r-release-windows-x86_64 | 3.0.2 | 33.00 | 180.00 | 213.00 | NOTE | |
r-oldrel-macos-arm64 | 3.0.2 | 74.00 | NOTE | |||
r-oldrel-macos-x86_64 | 3.0.2 | 121.00 | NOTE | |||
r-oldrel-windows-x86_64 | 3.0.2 | 44.00 | 224.00 | 268.00 | NOTE |
Version: 3.0.2
Check: Rd files
Result: NOTE
checkRd: (-1) makeDesignMatrix.Rd:16: Lost braces; missing escapes or markup?
16 | is randomized to a certain treatment {j}, the entry of \code{(i,j)} of the
| ^
Flavors: r-devel-linux-x86_64-debian-clang, r-devel-linux-x86_64-debian-gcc, r-devel-linux-x86_64-fedora-clang, r-devel-linux-x86_64-fedora-gcc, r-devel-windows-x86_64, r-patched-linux-x86_64, r-release-linux-x86_64, r-release-macos-arm64, r-release-macos-x86_64, r-release-windows-x86_64, r-oldrel-macos-arm64, r-oldrel-macos-x86_64, r-oldrel-windows-x86_64
Version: 3.0.2
Check: HTML version of manual
Result: NOTE
Found the following HTML validation problems:
TV.html:46:1 (TV.Rd:10): Warning: missing </ul> before </div>
cash-assessment-method.html:51:1 (cash-assessment-method.Rd:12): Warning: missing </ul> before </div>
cash-comparison-method.html:51:1 (cash-comparison-method.Rd:12): Warning: missing </ul> before </div>
cash-derFunc-method.html:51:1 (cash-derFunc-method.Rd:12): Warning: missing </ul> before </div>
cash-desFunc-method.html:51:1 (cash-desFunc-method.Rd:12): Warning: missing </ul> before </div>
cash-desScores-method.html:51:1 (cash-desScores-method.Rd:12): Warning: missing </ul> before </div>
cash-endpoint-method.html:51:1 (cash-endpoint-method.Rd:12): Warning: missing </ul> before </div>
cash-evaluation-method.html:51:1 (cash-evaluation-method.Rd:12): Warning: missing </ul> before </div>
cash-issue-method.html:51:1 (cash-issue-method.Rd:12): Warning: missing </ul> before </div>
cash-probUnDesirable-method.html:51:1 (cash-probUnDesirable-method.Rd:12): Warning: missing </ul> before </div>
cash-randPar-method.html:51:1 (cash-randPar-method.Rd:12): Warning: missing </ul> before </div>
cash-randSeq-method.html:51:1 (cash-randSeq-method.Rd:12): Warning: missing </ul> before </div>
lambda.html:46:1 (lambda.Rd:10): Warning: missing </ul> before </div>
mti.html:46:1 (mti.Rd:10): Warning: missing </ul> before </div>
mu.html:46:1 (mu.Rd:10): Warning: missing </ul> before </div>
overview.html:278:1 (overview.Rd:144): Warning: missing </ul> before </div>
scale.html:46:1 (scale.Rd:10): Warning: missing </ul> before </div>
seed.html:48:1 (seed.Rd:11): Warning: missing </ul> before </div>
shape.html:46:1 (shape.Rd:10): Warning: missing </ul> before </div>
sigma.html:46:1 (sigma.Rd:10): Warning: missing </ul> before </div>
Flavor: r-devel-linux-x86_64-debian-gcc