Last updated on 2025-10-25 09:49:41 CEST.
| Flavor | Version | Tinstall | Tcheck | Ttotal | Status | Flags |
|---|---|---|---|---|---|---|
| r-devel-linux-x86_64-debian-clang | 1.1.0 | 89.23 | 113.61 | 202.84 | OK | |
| r-devel-linux-x86_64-debian-gcc | 1.1.0 | 72.69 | 77.46 | 150.15 | OK | |
| r-devel-linux-x86_64-fedora-clang | 1.1.0 | 360.00 | -25.88 | 334.12 | OK | |
| r-devel-linux-x86_64-fedora-gcc | 1.1.0 | 216.00 | 135.03 | 351.03 | OK | |
| r-devel-windows-x86_64 | 1.1.0 | 96.00 | 144.00 | 240.00 | OK | |
| r-patched-linux-x86_64 | 1.1.0 | 90.95 | 103.41 | 194.36 | OK | |
| r-release-linux-x86_64 | 1.1.0 | 88.25 | 102.46 | 190.71 | OK | |
| r-release-macos-arm64 | 1.1.0 | 41.00 | 47.00 | 88.00 | OK | |
| r-release-macos-x86_64 | 1.1.0 | 74.00 | 87.00 | 161.00 | OK | |
| r-release-windows-x86_64 | 1.1.0 | 93.00 | 144.00 | 237.00 | OK | |
| r-oldrel-macos-arm64 | 1.1.0 | 42.00 | 45.00 | 87.00 | NOTE | |
| r-oldrel-macos-x86_64 | 1.1.0 | 105.00 | 114.00 | 219.00 | NOTE | |
| r-oldrel-windows-x86_64 | 1.1.0 | 121.00 | 174.00 | 295.00 | OK |
Version: 1.1.0
Check: installed package size
Result: NOTE
installed size is 24.3Mb
sub-directories of 1Mb or more:
libs 23.6Mb
Flavors: r-oldrel-macos-arm64, r-oldrel-macos-x86_64