Last updated on 2025-10-26 08:48:58 CET.
| Flavor | Version | Tinstall | Tcheck | Ttotal | Status | Flags |
|---|---|---|---|---|---|---|
| r-devel-linux-x86_64-debian-clang | 0.1.0 | 1.87 | 19.82 | 21.69 | OK | |
| r-devel-linux-x86_64-debian-gcc | 0.1.0 | 1.39 | 16.46 | 17.85 | OK | |
| r-devel-linux-x86_64-fedora-clang | 0.1.0 | 30.88 | OK | |||
| r-devel-linux-x86_64-fedora-gcc | 0.1.0 | 30.05 | OK | |||
| r-devel-windows-x86_64 | 0.1.0 | 3.00 | 47.00 | 50.00 | OK | |
| r-patched-linux-x86_64 | 0.1.0 | 1.79 | 18.40 | 20.19 | OK | |
| r-release-linux-x86_64 | 0.1.0 | 1.80 | 18.60 | 20.40 | OK | |
| r-release-macos-arm64 | 0.1.0 | 1.00 | 11.00 | 12.00 | OK | |
| r-release-macos-x86_64 | 0.1.0 | 2.00 | 19.00 | 21.00 | OK | |
| r-release-windows-x86_64 | 0.1.0 | 3.00 | 47.00 | 50.00 | OK | |
| r-oldrel-macos-arm64 | 0.1.0 | 1.00 | 12.00 | 13.00 | NOTE | |
| r-oldrel-macos-x86_64 | 0.1.0 | 2.00 | 19.00 | 21.00 | NOTE | |
| r-oldrel-windows-x86_64 | 0.1.0 | 3.00 | 45.00 | 48.00 | NOTE |
Version: 0.1.0
Check: LazyData
Result: NOTE
'LazyData' is specified without a 'data' directory
Flavors: r-oldrel-macos-arm64, r-oldrel-macos-x86_64, r-oldrel-windows-x86_64