Last updated on 2025-11-01 08:49:53 CET.
| Flavor | Version | Tinstall | Tcheck | Ttotal | Status | Flags |
|---|---|---|---|---|---|---|
| r-devel-linux-x86_64-debian-clang | 2025.09.17 | 203.58 | 342.43 | 546.01 | OK | |
| r-devel-linux-x86_64-debian-gcc | 2025.09.17 | 122.32 | 223.68 | 346.00 | OK | |
| r-devel-linux-x86_64-fedora-clang | 2025.09.17 | 451.00 | 496.03 | 947.03 | OK | |
| r-devel-linux-x86_64-fedora-gcc | 2025.09.17 | 412.00 | 463.88 | 875.88 | OK | |
| r-devel-windows-x86_64 | 2025.09.17 | 220.00 | 344.00 | 564.00 | OK | |
| r-patched-linux-x86_64 | 2025.09.17 | 196.88 | 310.37 | 507.25 | OK | |
| r-release-linux-x86_64 | 2025.09.17 | 190.73 | 313.21 | 503.94 | OK | |
| r-release-macos-arm64 | 2025.09.17 | 74.00 | 141.00 | 215.00 | OK | |
| r-release-macos-x86_64 | 2025.09.17 | 92.00 | 303.00 | 395.00 | OK | |
| r-release-windows-x86_64 | 2025.09.17 | 214.00 | 333.00 | 547.00 | OK | |
| r-oldrel-macos-arm64 | 2025.09.17 | 73.00 | 130.00 | 203.00 | NOTE | |
| r-oldrel-macos-x86_64 | 2025.09.17 | 86.00 | 300.00 | 386.00 | NOTE | |
| r-oldrel-windows-x86_64 | 2025.09.17 | 268.00 | 435.00 | 703.00 | OK |
Version: 2025.09.17
Check: installed package size
Result: NOTE
installed size is 12.0Mb
sub-directories of 1Mb or more:
R 2.0Mb
libs 9.4Mb
Flavors: r-oldrel-macos-arm64, r-oldrel-macos-x86_64