Last updated on 2025-10-25 09:49:42 CEST.
| Flavor | Version | Tinstall | Tcheck | Ttotal | Status | Flags |
|---|---|---|---|---|---|---|
| r-devel-linux-x86_64-debian-clang | 0.1.0 | 2.11 | 28.45 | 30.56 | OK | |
| r-devel-linux-x86_64-debian-gcc | 0.1.0 | 1.81 | 23.07 | 24.88 | OK | |
| r-devel-linux-x86_64-fedora-clang | 0.1.0 | 43.71 | OK | |||
| r-devel-linux-x86_64-fedora-gcc | 0.1.0 | 13.00 | 31.09 | 44.09 | OK | |
| r-devel-windows-x86_64 | 0.1.0 | 3.00 | 50.00 | 53.00 | OK | |
| r-patched-linux-x86_64 | 0.1.0 | 2.47 | 25.95 | 28.42 | OK | |
| r-release-linux-x86_64 | 0.1.0 | 2.37 | 25.74 | 28.11 | OK | |
| r-release-macos-arm64 | 0.1.0 | 1.00 | 18.00 | 19.00 | OK | |
| r-release-macos-x86_64 | 0.1.0 | 4.00 | 51.00 | 55.00 | OK | |
| r-release-windows-x86_64 | 0.1.0 | 4.00 | 51.00 | 55.00 | OK | |
| r-oldrel-macos-arm64 | 0.1.0 | 1.00 | 17.00 | 18.00 | NOTE | |
| r-oldrel-macos-x86_64 | 0.1.0 | 3.00 | 33.00 | 36.00 | NOTE | |
| r-oldrel-windows-x86_64 | 0.1.0 | 5.00 | 55.00 | 60.00 | NOTE |
Version: 0.1.0
Check: LazyData
Result: NOTE
'LazyData' is specified without a 'data' directory
Flavors: r-oldrel-macos-arm64, r-oldrel-macos-x86_64, r-oldrel-windows-x86_64