Last updated on 2025-10-21 09:48:45 CEST.
Flavor | Version | Tinstall | Tcheck | Ttotal | Status | Flags |
---|---|---|---|---|---|---|
r-devel-linux-x86_64-debian-clang | 5.2.1-35 | 277.38 | 47.56 | 324.94 | OK | |
r-devel-linux-x86_64-debian-gcc | 5.2.1-35 | 154.48 | 36.79 | 191.27 | NOTE | |
r-devel-linux-x86_64-fedora-clang | 5.2.1-35 | 528.83 | OK | |||
r-devel-linux-x86_64-fedora-gcc | 5.2.1-35 | 492.72 | OK | |||
r-devel-windows-x86_64 | 5.2.1-35 | 282.00 | 92.00 | 374.00 | OK | |
r-patched-linux-x86_64 | 5.2.1-35 | 207.01 | 45.80 | 252.81 | OK | |
r-release-linux-x86_64 | 5.2.1-35 | 205.25 | 45.51 | 250.76 | OK | |
r-release-macos-arm64 | 5.2.1-35 | 157.00 | OK | |||
r-release-macos-x86_64 | 5.2.1-35 | 165.00 | OK | |||
r-release-windows-x86_64 | 5.2.1-35 | 297.00 | 101.00 | 398.00 | OK | |
r-oldrel-macos-arm64 | 5.2.1-35 | 148.00 | NOTE | |||
r-oldrel-macos-x86_64 | 5.2.1-35 | 151.00 | NOTE | |||
r-oldrel-windows-x86_64 | 5.2.1-35 | 289.00 | 125.00 | 414.00 | NOTE |
Version: 5.2.1-35
Check: HTML version of manual
Result: NOTE
Found the following HTML validation problems:
Rmumps__del_ptr.html:47:1 (Rmumps__del_ptr.Rd:10): Warning: missing </ul> before </div>
Rmumps__set_mat_ptr.html:51:1 (Rmumps__set_mat_ptr.Rd:12): Warning: missing </ul> before </div>
Rmumps__set_permutation.html:51:1 (Rmumps__set_permutation.Rd:12): Warning: missing </ul> before </div>
Rmumps__solveptr.html:59:1 (Rmumps__solveptr.Rd:16): Warning: missing </ul> before </div>
Flavor: r-devel-linux-x86_64-debian-gcc
Version: 5.2.1-35
Check: installed package size
Result: NOTE
installed size is 12.0Mb
sub-directories of 1Mb or more:
libs 11.7Mb
Flavors: r-oldrel-macos-arm64, r-oldrel-macos-x86_64
Version: 5.2.1-35
Check: for GNU extensions in Makefiles
Result: NOTE
GNU make is a SystemRequirements.
Flavors: r-oldrel-macos-arm64, r-oldrel-macos-x86_64, r-oldrel-windows-x86_64