Last updated on 2025-07-25 09:50:57 CEST.
Flavor | Version | Tinstall | Tcheck | Ttotal | Status | Flags |
---|---|---|---|---|---|---|
r-devel-linux-x86_64-debian-clang | 4.2.0 | 197.86 | 265.52 | 463.38 | OK | |
r-devel-linux-x86_64-debian-gcc | 4.2.0 | 131.43 | 165.85 | 297.28 | OK | |
r-devel-linux-x86_64-fedora-clang | 4.2.1 | 782.53 | OK | |||
r-devel-linux-x86_64-fedora-gcc | 4.2.1 | 777.52 | OK | |||
r-devel-windows-x86_64 | 4.2.0 | 187.00 | 333.00 | 520.00 | OK | |
r-patched-linux-x86_64 | 4.2.0 | 192.71 | 249.25 | 441.96 | OK | |
r-release-linux-x86_64 | 4.2.0 | 180.17 | 250.50 | 430.67 | OK | |
r-release-macos-arm64 | 4.2.0 | 184.00 | OK | |||
r-release-macos-x86_64 | 4.2.1 | 313.00 | OK | |||
r-release-windows-x86_64 | 4.2.1 | 176.00 | 279.00 | 455.00 | OK | |
r-oldrel-macos-arm64 | 4.2.0 | 159.00 | NOTE | |||
r-oldrel-macos-x86_64 | 4.2.1 | 305.00 | NOTE | |||
r-oldrel-windows-x86_64 | 4.2.1 | 172.00 | 328.00 | 500.00 | NOTE |
Version: 4.2.0
Check: installed package size
Result: NOTE
installed size is 15.9Mb
sub-directories of 1Mb or more:
R 5.1Mb
help 1.0Mb
libs 9.6Mb
Flavor: r-oldrel-macos-arm64
Version: 4.2.1
Check: installed package size
Result: NOTE
installed size is 14.7Mb
sub-directories of 1Mb or more:
R 5.0Mb
help 1.0Mb
libs 8.4Mb
Flavors: r-oldrel-macos-x86_64, r-oldrel-windows-x86_64