Last updated on 2025-10-21 09:48:46 CEST.
Flavor | Version | Tinstall | Tcheck | Ttotal | Status | Flags |
---|---|---|---|---|---|---|
r-devel-linux-x86_64-debian-clang | 0.9.1 | 718.62 | 365.21 | 1083.83 | OK | |
r-devel-linux-x86_64-debian-gcc | 0.9.1 | 601.18 | 283.85 | 885.03 | NOTE | |
r-devel-linux-x86_64-fedora-clang | 0.9.1 | 1636.01 | OK | |||
r-devel-linux-x86_64-fedora-gcc | 0.9.1 | 2126.06 | OK | |||
r-devel-windows-x86_64 | 0.9.1 | 729.00 | 368.00 | 1097.00 | OK | |
r-patched-linux-x86_64 | 0.9.1 | 802.74 | 408.61 | 1211.35 | OK | |
r-release-linux-x86_64 | 0.9.1 | 812.75 | 405.96 | 1218.71 | OK | |
r-release-macos-arm64 | 0.9.1 | 425.00 | OK | |||
r-release-macos-x86_64 | 0.9.1 | 487.00 | OK | |||
r-release-windows-x86_64 | 0.9.1 | 720.00 | 357.00 | 1077.00 | OK | |
r-oldrel-macos-arm64 | 0.9.1 | 414.00 | NOTE | |||
r-oldrel-macos-x86_64 | 0.9.1 | 608.00 | NOTE | |||
r-oldrel-windows-x86_64 | 0.9.1 | 840.00 | 481.00 | 1321.00 | NOTE |
Version: 0.9.1
Check: HTML version of manual
Result: NOTE
Found the following HTML validation problems:
grid.html:401:1 (grid.Rd:512): Warning: <h5> anchor "Usage" already defined
grid.html:407:1 (grid.Rd:516): Warning: <h5> anchor "Returns" already defined
grid.html:424:1 (grid.Rd:525): Warning: <h5> anchor "Usage" already defined
grid.html:430:1 (grid.Rd:529): Warning: <h5> anchor "Arguments" already defined
grid.html:443:1 (grid.Rd:536): Warning: <h5> anchor "Returns" already defined
grid.html:450:1 (grid.Rd:539): Warning: <h5> anchor "Examples" already defined
grid.html:477:1 (grid.Rd:561): Warning: <h5> anchor "Usage" already defined
grid.html:489:1 (grid.Rd:571): Warning: <h5> anchor "Arguments" already defined
grid.html:514:1 (grid.Rd:590): Warning: <h5> anchor "Returns" already defined
grid.html:521:1 (grid.Rd:593): Warning: <h5> anchor "Examples" already defined
grid.html:547:1 (grid.Rd:614): Warning: <h5> anchor "Usage" already defined
grid.html:560:1 (grid.Rd:625): Warning: <h5> anchor "Arguments" already defined
grid.html:587:1 (grid.Rd:646): Warning: <h5> anchor "Returns" already defined
grid.html:594:1 (grid.Rd:649): Warning: <h5> anchor "Examples" already defined
grid.html:638:1 (grid.Rd:688): Warning: <h5> anchor "Usage" already defined
grid.html:644:1 (grid.Rd:692): Warning: <h5> anchor "Returns" already defined
grid.html:651:1 (grid.Rd:695): Warning: <h5> anchor "Examples" already defined
grid.html:679:1 (grid.Rd:718): Warning: <h5> anchor "Usage" already defined
grid.html:685:1 (grid.Rd:722): Warning: <h5> anchor "Returns" already defined
grid.html:702:1 (grid.Rd:731): Warning: <h5> anchor "Usage" already defined
grid.html:726:1 (grid.Rd:753): Warning: <h5> anchor "Arguments" already defined
grid.html:785:1 (grid.Rd:806): Warning: <h5> anchor "Returns" already defined
grid.html:792:1 (grid.Rd:809): Warning: <h5> anchor "Examples" already defined
grid.html:852:1 (grid.Rd:864): Warning: <h5> anchor "Usage" already defined
grid.html:882:1 (grid.Rd:892): Warning: <h5> anchor "Arguments" already defined
grid.html:962:1 (grid.Rd:966): Warning: <h5> anchor "Returns" already defined
grid.html:969:1 (grid.Rd:969): Warning: <h5> anchor "Examples" already defined
grid.html:1020:1 (grid.Rd:1015): Warning: <h5> anchor "Usage" already defined
grid.html:1032:1 (grid.Rd:1025): Warning: <h5> anchor "Arguments" already defined
grid.html:1057:1 (grid.Rd:1044): Warning: <h5> anchor "Returns" already defined
grid.html:1064:1 (grid.Rd:1047): Warning: <h5> anchor "Examples" already defined
grid.html:1093:1 (grid.Rd:1071): Warning: <h5> anchor "Usage" already defined
grid.html:1107:1 (grid.Rd:1083): Warning: <h5> anchor "Arguments" already defined
grid.html:1139:1 (grid.Rd:1109): Warning: <h5> anchor "Returns" already defined
grid.html:1146:1 (grid.Rd:1112): Warning: <h5> anchor "Examples" already defined
grid.html:1169:1 (grid.Rd:1130): Warning: <h5> anchor "Usage" already defined
grid.html:1181:1 (grid.Rd:1140): Warning: <h5> anchor "Arguments" already defined
grid.html:1205:1 (grid.Rd:1158): Warning: <h5> anchor "Returns" already defined
grid.html:1213:1 (grid.Rd:1162): Warning: <h5> anchor "Examples" already defined
grid.html:1258:1 (grid.Rd:1202): Warning: <h5> anchor "Usage" already defined
grid.html:1264:1 (grid.Rd:1206): Warning: <h5> anchor "Returns" already defined
grid.html:1271:1 (grid.Rd:1209): Warning: <h5> anchor "Examples" already defined
grid.html:1297:1 (grid.Rd:1230): Warning: <h5> anchor "Usage" already defined
grid.html:1303:1 (grid.Rd:1234): Warning: <h5> anchor "Returns" already defined
grid.html:1320:1 (grid.Rd:1243): Warning: <h5> anchor "Usage" already defined
grid.html:1326:1 (grid.Rd:1247): Warning: <h5> anchor "Arguments" already defined
grid.html:1345:1 (grid.Rd:1260): Warning: <h5> anchor "Returns" already defined
grid.html:1366:1 (grid.Rd:1273): Warning: <h5> anchor "Usage" already defined
grid.html:1372:1 (grid.Rd:1277): Warning: <h5> anchor "Arguments" already defined
grid.html:1389:1 (grid.Rd:1288): Warning: <h5> anchor "Returns" already defined
grid.html:1409:1 (grid.Rd:1300): Warning: <h5> anchor "Usage" already defined
grid.html:1415:1 (grid.Rd:1304): Warning: <h5> anchor "Arguments" already defined
grid.html:1438:1 (grid.Rd:1321): Warning: <h5> anchor "Returns" already defined
grid.html:1456:1 (grid.Rd:1331): Warning: <h5> anchor "Usage" already defined
grid.html:1462:1 (grid.Rd:1335): Warning: <h5> anchor "Returns" already defined
grid.html:1480:1 (grid.Rd:1345): Warning: <h5> anchor "Usage" already defined
grid.html:1486:1 (grid.Rd:1349): Warning: <h5> anchor "Arguments" already defined
grid.html:1499:1 (grid.Rd:1356): Warning: <h5> anchor "Returns" already defined
grid.html:1516:1 (grid.Rd:1365): Warning: <h5> anchor "Usage" already defined
grid.html:1522:1 (grid.Rd:1369): Warning: <h5> anchor "Arguments" already defined
Flavor: r-devel-linux-x86_64-debian-gcc
Version: 0.9.1
Check: package dependencies
Result: NOTE
Package suggested but not available for checking: ‘cmdstanr’
Flavors: r-oldrel-macos-arm64, r-oldrel-macos-x86_64, r-oldrel-windows-x86_64
Version: 0.9.1
Check: installed package size
Result: NOTE
installed size is 174.3Mb
sub-directories of 1Mb or more:
data 1.5Mb
libs 171.9Mb
Flavors: r-oldrel-macos-arm64, r-oldrel-macos-x86_64, r-oldrel-windows-x86_64
Version: 0.9.1
Check: for GNU extensions in Makefiles
Result: NOTE
GNU make is a SystemRequirements.
Flavors: r-oldrel-macos-arm64, r-oldrel-macos-x86_64, r-oldrel-windows-x86_64