Last updated on 2025-10-24 09:50:17 CEST.
| Flavor | Version | Tinstall | Tcheck | Ttotal | Status | Flags |
|---|---|---|---|---|---|---|
| r-devel-linux-x86_64-debian-clang | 0.1 | 1.61 | 22.38 | 23.99 | NOTE | |
| r-devel-linux-x86_64-debian-gcc | 0.1 | 1.29 | 18.23 | 19.52 | NOTE | |
| r-devel-linux-x86_64-fedora-clang | 0.1 | 36.62 | OK | |||
| r-devel-linux-x86_64-fedora-gcc | 0.1 | 50.40 | OK | |||
| r-devel-windows-x86_64 | 0.1 | 2.00 | 41.00 | 43.00 | OK | |
| r-patched-linux-x86_64 | 0.1 | 1.67 | 21.30 | 22.97 | OK | |
| r-release-linux-x86_64 | 0.1 | 1.51 | 21.10 | 22.61 | OK | |
| r-release-macos-arm64 | 0.1 | 1.00 | 46.00 | 47.00 | OK | |
| r-release-macos-x86_64 | 0.1 | 1.00 | 37.00 | 38.00 | OK | |
| r-release-windows-x86_64 | 0.1 | 2.00 | 44.00 | 46.00 | OK | |
| r-oldrel-macos-arm64 | 0.1 | 1.00 | 21.00 | 22.00 | OK | |
| r-oldrel-macos-x86_64 | 0.1 | 1.00 | 32.00 | 33.00 | OK | |
| r-oldrel-windows-x86_64 | 0.1 | 3.00 | 47.00 | 50.00 | OK |
Version: 0.1
Check: CRAN incoming feasibility
Result: NOTE
Maintainer: ‘Obinna Obianom <idonshayo@gmail.com>’
No Authors@R field in DESCRIPTION.
Please add one, modifying
Authors@R: person(given = "Obinna",
family = "Obianom",
role = c("aut", "cre"),
email = "idonshayo@gmail.com")
as necessary.
The BugReports field in DESCRIPTION has
https://github.com/oobianom/sciRmdTheme
which should likely be
https://github.com/oobianom/sciRmdTheme/issues
instead.
Flavors: r-devel-linux-x86_64-debian-clang, r-devel-linux-x86_64-debian-gcc