Last updated on 2025-10-21 09:48:46 CEST.
Flavor | Version | Tinstall | Tcheck | Ttotal | Status | Flags |
---|---|---|---|---|---|---|
r-devel-linux-x86_64-debian-clang | 5.7.9 | 67.62 | 134.88 | 202.50 | OK | |
r-devel-linux-x86_64-debian-gcc | 5.7.9 | 45.00 | 91.42 | 136.42 | NOTE | |
r-devel-linux-x86_64-fedora-clang | 5.7.9 | 334.28 | OK | |||
r-devel-linux-x86_64-fedora-gcc | 5.7.9 | 344.50 | OK | |||
r-devel-windows-x86_64 | 5.7.9 | 81.00 | 164.00 | 245.00 | OK | |
r-patched-linux-x86_64 | 5.7.9 | 69.85 | 124.44 | 194.29 | OK | |
r-release-linux-x86_64 | 5.7.9 | 63.73 | 124.65 | 188.38 | OK | |
r-release-macos-arm64 | 5.7.9 | 81.00 | OK | |||
r-release-macos-x86_64 | 5.7.9 | 223.00 | OK | |||
r-release-windows-x86_64 | 5.7.9 | 82.00 | 168.00 | 250.00 | OK | |
r-oldrel-macos-arm64 | 5.7.9 | 86.00 | NOTE | |||
r-oldrel-macos-x86_64 | 5.7.9 | 135.00 | NOTE | |||
r-oldrel-windows-x86_64 | 5.7.9 | 100.00 | 210.00 | 310.00 | OK |
Version: 5.7.9
Check: HTML version of manual
Result: NOTE
Found the following HTML validation problems:
distributeDraws_cpp.html:65:1 (distributeDraws_cpp.Rd:18): Warning: missing </ul> before </div>
distributeRandom_cpp.html:57:1 (distributeRandom_cpp.Rd:14): Warning: missing </ul> before </div>
randSample_cpp.html:64:1 (randSample_cpp.Rd:18): Warning: missing </ul> before </div>
sampleDonor_cpp.html:80:1 (sampleDonor_cpp.Rd:30): Warning: missing </ul> before </div>
setRisk_cpp.html:61:1 (setRisk_cpp.Rd:16): Warning: missing </ul> before </div>
Flavor: r-devel-linux-x86_64-debian-gcc
Version: 5.7.9
Check: installed package size
Result: NOTE
installed size is 7.0Mb
sub-directories of 1Mb or more:
libs 4.2Mb
Flavors: r-oldrel-macos-arm64, r-oldrel-macos-x86_64