Last updated on 2025-10-21 09:48:46 CEST.
Flavor | Version | Tinstall | Tcheck | Ttotal | Status | Flags |
---|---|---|---|---|---|---|
r-devel-linux-x86_64-debian-clang | 0.2.5 | 7.84 | 110.30 | 118.14 | OK | |
r-devel-linux-x86_64-debian-gcc | 0.2.5 | 5.52 | 78.56 | 84.08 | NOTE | |
r-devel-linux-x86_64-fedora-clang | 0.2.5 | 182.10 | OK | |||
r-devel-linux-x86_64-fedora-gcc | 0.2.5 | 192.02 | OK | |||
r-devel-windows-x86_64 | 0.2.5 | 11.00 | 132.00 | 143.00 | OK | |
r-patched-linux-x86_64 | 0.2.5 | 9.98 | 104.61 | 114.59 | OK | |
r-release-linux-x86_64 | 0.2.5 | 8.41 | 103.93 | 112.34 | OK | |
r-release-macos-arm64 | 0.2.5 | 55.00 | OK | |||
r-release-macos-x86_64 | 0.2.5 | 110.00 | OK | |||
r-release-windows-x86_64 | 0.2.5 | 12.00 | 131.00 | 143.00 | OK | |
r-oldrel-macos-arm64 | 0.2.5 | 48.00 | OK | |||
r-oldrel-macos-x86_64 | 0.2.5 | 81.00 | OK | |||
r-oldrel-windows-x86_64 | 0.2.5 | 13.00 | 166.00 | 179.00 | OK |
Version: 0.2.5
Check: HTML version of manual
Result: NOTE
Found the following HTML validation problems:
check_pkg_suggests.html:46:1 (check_pkg_suggests.Rd:10): Warning: missing </ul> before </div>
class_modify.html:50:1 (class_modify.Rd:12): Warning: missing </ul> before </div>
jc_clc_perm_impl.html:58:1 (jc_clc_perm_impl.Rd:16): Warning: missing </ul> before </div>
local_g_spt.html:67:1 (local_g_spt.Rd:20): Warning: missing </ul> before </div>
local_moran_bv_calc.html:50:1 (local_moran_bv_calc.Rd:12): Warning: missing </ul> before </div>
local_moran_bv_impl.html:58:1 (local_moran_bv_impl.Rd:16): Warning: missing </ul> before </div>
local_moran_bv_perm_impl.html:54:1 (local_moran_bv_perm_impl.Rd:14): Warning: missing </ul> before </div>
Flavor: r-devel-linux-x86_64-debian-gcc