Last updated on 2025-10-24 09:50:17 CEST.
| Flavor | Version | Tinstall | Tcheck | Ttotal | Status | Flags |
|---|---|---|---|---|---|---|
| r-devel-linux-x86_64-debian-clang | 1.0.7 | 2.64 | 28.33 | 30.97 | NOTE | |
| r-devel-linux-x86_64-debian-gcc | 1.0.7 | 1.95 | 21.71 | 23.66 | NOTE | |
| r-devel-linux-x86_64-fedora-clang | 1.0.7 | 45.09 | OK | |||
| r-devel-linux-x86_64-fedora-gcc | 1.0.7 | 43.57 | OK | |||
| r-devel-windows-x86_64 | 1.0.7 | 5.00 | 51.00 | 56.00 | OK | |
| r-patched-linux-x86_64 | 1.0.7 | 2.66 | 27.13 | 29.79 | OK | |
| r-release-linux-x86_64 | 1.0.7 | 2.64 | 26.67 | 29.31 | OK | |
| r-release-macos-arm64 | 1.0.7 | 1.00 | 20.00 | 21.00 | OK | |
| r-release-macos-x86_64 | 1.0.7 | 2.00 | 29.00 | 31.00 | OK | |
| r-release-windows-x86_64 | 1.0.7 | 6.00 | 52.00 | 58.00 | OK | |
| r-oldrel-macos-arm64 | 1.0.7 | 1.00 | 17.00 | 18.00 | OK | |
| r-oldrel-macos-x86_64 | 1.0.7 | 2.00 | 26.00 | 28.00 | OK | |
| r-oldrel-windows-x86_64 | 1.0.7 | 6.00 | 58.00 | 64.00 | OK |
Version: 1.0.7
Check: CRAN incoming feasibility
Result: NOTE
Maintainer: ‘Rodrigo F. de Mello <mellorf@gmail.com>’
The Description field contains
Coefficient of Supervised Learning Algorithms" <arXiv:1911.05461>; de
Please refer to arXiv e-prints via their arXiv DOI <doi:10.48550/arXiv.YYMM.NNNNN>.
Flavors: r-devel-linux-x86_64-debian-clang, r-devel-linux-x86_64-debian-gcc