Last updated on 2025-10-23 09:50:59 CEST.
Flavor | Version | Tinstall | Tcheck | Ttotal | Status | Flags |
---|---|---|---|---|---|---|
r-devel-linux-x86_64-debian-clang | 0.1.0 | 2.61 | 31.17 | 33.78 | NOTE | |
r-devel-linux-x86_64-debian-gcc | 0.1.0 | 1.77 | 24.68 | 26.45 | OK | |
r-devel-linux-x86_64-fedora-clang | 0.1.0 | 50.53 | OK | |||
r-devel-linux-x86_64-fedora-gcc | 0.1.0 | 63.33 | OK | |||
r-devel-windows-x86_64 | 0.1.0 | 4.00 | 57.00 | 61.00 | OK | |
r-patched-linux-x86_64 | 0.1.0 | 2.59 | 28.45 | 31.04 | OK | |
r-release-linux-x86_64 | 0.1.0 | 2.36 | 28.43 | 30.79 | OK | |
r-release-macos-arm64 | 0.1.0 | 1.00 | 28.00 | 29.00 | OK | |
r-release-macos-x86_64 | 0.1.0 | 2.00 | 56.00 | 58.00 | OK | |
r-release-windows-x86_64 | 0.1.0 | 6.00 | 52.00 | 58.00 | OK | |
r-oldrel-macos-arm64 | 0.1.0 | 1.00 | 29.00 | 30.00 | NOTE | |
r-oldrel-macos-x86_64 | 0.1.0 | 2.00 | 36.00 | 38.00 | NOTE | |
r-oldrel-windows-x86_64 | 0.1.0 | 6.00 | 58.00 | 64.00 | NOTE |
Version: 0.1.0
Check: HTML version of manual
Result: NOTE
Found the following HTML validation problems:
init.html:55:1 (init.Rd:15): Warning: missing </ul> before </div>
shinyservicebot-shiny.html:68:1 (shinyservicebot-shiny.Rd:25): Warning: missing </ul> before </div>
shinyservicebot_html.html:58:1 (shinyservicebot_html.Rd:16): Warning: missing </ul> before </div>
Flavor: r-devel-linux-x86_64-debian-clang
Version: 0.1.0
Check: LazyData
Result: NOTE
'LazyData' is specified without a 'data' directory
Flavors: r-oldrel-macos-arm64, r-oldrel-macos-x86_64, r-oldrel-windows-x86_64