Last updated on 2025-10-22 09:50:52 CEST.
Flavor | Version | Tinstall | Tcheck | Ttotal | Status | Flags |
---|---|---|---|---|---|---|
r-devel-linux-x86_64-debian-clang | 1.6.1 | 7.32 | 52.79 | 60.11 | NOTE | |
r-devel-linux-x86_64-debian-gcc | 1.6.1 | 5.26 | 39.24 | 44.50 | NOTE | |
r-devel-linux-x86_64-fedora-clang | 1.6.1 | 18.00 | 70.97 | 88.97 | OK | |
r-devel-linux-x86_64-fedora-gcc | 1.6.1 | 20.00 | 64.24 | 84.24 | OK | |
r-devel-windows-x86_64 | 1.6.1 | 11.00 | 79.00 | 90.00 | OK | |
r-patched-linux-x86_64 | 1.6.1 | 7.07 | 48.83 | 55.90 | OK | |
r-release-linux-x86_64 | 1.6.1 | 6.56 | 49.24 | 55.80 | OK | |
r-release-macos-arm64 | 1.6.1 | 3.00 | 30.00 | 33.00 | OK | |
r-release-macos-x86_64 | 1.6.1 | 6.00 | 53.00 | 59.00 | OK | |
r-release-windows-x86_64 | 1.6.1 | 12.00 | 74.00 | 86.00 | OK | |
r-oldrel-macos-arm64 | 1.6.1 | 3.00 | 26.00 | 29.00 | OK | |
r-oldrel-macos-x86_64 | 1.6.1 | 6.00 | 45.00 | 51.00 | OK | |
r-oldrel-windows-x86_64 | 1.6.1 | 14.00 | 84.00 | 98.00 | OK |
Version: 1.6.1
Check: HTML version of manual
Result: NOTE
Found the following HTML validation problems:
ShinyDriver.html:1519:1 (ShinyDriver.Rd:923): Warning: missing </ul> before </div>
ShinyDriver.html:248:1 (ShinyDriver.Rd:120): Warning: <h5> anchor "Usage" already defined
ShinyDriver.html:265:1 (ShinyDriver.Rd:131): Warning: <h5> anchor "Usage" already defined
ShinyDriver.html:282:1 (ShinyDriver.Rd:142): Warning: <h5> anchor "Usage" already defined
ShinyDriver.html:288:1 (ShinyDriver.Rd:146): Warning: <h5> anchor "Arguments" already defined
ShinyDriver.html:316:1 (ShinyDriver.Rd:164): Warning: <h5> anchor "Usage" already defined
ShinyDriver.html:322:1 (ShinyDriver.Rd:168): Warning: <h5> anchor "Arguments" already defined
ShinyDriver.html:359:1 (ShinyDriver.Rd:191): Warning: <h5> anchor "Usage" already defined
ShinyDriver.html:365:1 (ShinyDriver.Rd:195): Warning: <h5> anchor "Arguments" already defined
ShinyDriver.html:392:1 (ShinyDriver.Rd:212): Warning: <h5> anchor "Usage" already defined
ShinyDriver.html:398:1 (ShinyDriver.Rd:216): Warning: <h5> anchor "Arguments" already defined
ShinyDriver.html:424:1 (ShinyDriver.Rd:232): Warning: <h5> anchor "Usage" already defined
ShinyDriver.html:430:1 (ShinyDriver.Rd:236): Warning: <h5> anchor "Arguments" already defined
ShinyDriver.html:446:1 (ShinyDriver.Rd:246): Warning: <h5> anchor "Returns" already defined
ShinyDriver.html:463:1 (ShinyDriver.Rd:255): Warning: <h5> anchor "Usage" already defined
ShinyDriver.html:469:1 (ShinyDriver.Rd:259): Warning: <h5> anchor "Arguments" already defined
ShinyDriver.html:482:1 (ShinyDriver.Rd:266): Warning: <h5> anchor "Returns" already defined
ShinyDriver.html:500:1 (ShinyDriver.Rd:276): Warning: <h5> anchor "Usage" already defined
ShinyDriver.html:516:1 (ShinyDriver.Rd:286): Warning: <h5> anchor "Usage" already defined
ShinyDriver.html:522:1 (ShinyDriver.Rd:290): Warning: <h5> anchor "Arguments" already defined
ShinyDriver.html:546:1 (ShinyDriver.Rd:304): Warning: <h5> anchor "Usage" already defined
ShinyDriver.html:552:1 (ShinyDriver.Rd:308): Warning: <h5> anchor "Arguments" already defined
ShinyDriver.html:575:1 (ShinyDriver.Rd:321): Warning: <h5> anchor "Usage" already defined
ShinyDriver.html:581:1 (ShinyDriver.Rd:325): Warning: <h5> anchor "Arguments" already defined
ShinyDriver.html:606:1 (ShinyDriver.Rd:340): Warning: <h5> anchor "Usage" already defined
ShinyDriver.html:622:1 (ShinyDriver.Rd:350): Warning: <h5> anchor "Usage" already defined
ShinyDriver.html:638:1 (ShinyDriver.Rd:360): Warning: <h5> anchor "Usage" already defined
ShinyDriver.html:654:1 (ShinyDriver.Rd:370): Warning: <h5> anchor "Usage" already defined
ShinyDriver.html:670:1 (ShinyDriver.Rd:380): Warning: <h5> anchor "Usage" already defined
ShinyDriver.html:676:1 (ShinyDriver.Rd:384): Warning: <h5> anchor "Returns" already defined
ShinyDriver.html:693:1 (ShinyDriver.Rd:393): Warning: <h5> anchor "Usage" already defined
ShinyDriver.html:699:1 (ShinyDriver.Rd:397): Warning: <h5> anchor "Returns" already defined
ShinyDriver.html:717:1 (ShinyDriver.Rd:407): Warning: <h5> anchor "Usage" already defined
ShinyDriver.html:723:1 (ShinyDriver.Rd:411): Warning: <h5> anchor "Arguments" already defined
ShinyDriver.html:743:1 (ShinyDriver.Rd:425): Warning: <h5> anchor "Returns" already defined
ShinyDriver.html:762:1 (ShinyDriver.Rd:436): Warning: <h5> anchor "Usage" already defined
ShinyDriver.html:773:1 (ShinyDriver.Rd:445): Warning: <h5> anchor "Arguments" already defined
ShinyDriver.html:792:1 (ShinyDriver.Rd:458): Warning: <h5> anchor "Returns" already defined
ShinyDriver.html:809:1 (ShinyDriver.Rd:467): Warning: <h5> anchor "Usage" already defined
ShinyDriver.html:820:1 (ShinyDriver.Rd:476): Warning: <h5> anchor "Arguments" already defined
ShinyDriver.html:839:1 (ShinyDriver.Rd:489): Warning: <h5> anchor "Returns" already defined
ShinyDriver.html:857:1 (ShinyDriver.Rd:499): Warning: <h5> anchor "Usage" already defined
ShinyDriver.html:863:1 (ShinyDriver.Rd:503): Warning: <h5> anchor "Arguments" already defined
ShinyDriver.html:881:1 (ShinyDriver.Rd:515): Warning: <h5> anchor "Returns" already defined
ShinyDriver.html:902:1 (ShinyDriver.Rd:528): Warning: <h5> anchor "Usage" already defined
ShinyDriver.html:908:1 (ShinyDriver.Rd:532): Warning: <h5> anchor "Returns" already defined
ShinyDriver.html:929:1 (ShinyDriver.Rd:545): Warning: <h5> anchor "Usage" already defined
ShinyDriver.html:941:1 (ShinyDriver.Rd:555): Warning: <h5> anchor "Arguments" already defined
ShinyDriver.html:975:1 (ShinyDriver.Rd:579): Warning: <h5> anchor "Usage" already defined
ShinyDriver.html:981:1 (ShinyDriver.Rd:583): Warning: <h5> anchor "Returns" already defined
ShinyDriver.html:998:1 (ShinyDriver.Rd:592): Warning: <h5> anchor "Usage" already defined
ShinyDriver.html:1014:1 (ShinyDriver.Rd:602): Warning: <h5> anchor "Usage" already defined
ShinyDriver.html:1020:1 (ShinyDriver.Rd:606): Warning: <h5> anchor "Arguments" already defined
ShinyDriver.html:1035:1 (ShinyDriver.Rd:615): Warning: <h5> anchor "Returns" already defined
ShinyDriver.html:1052:1 (ShinyDriver.Rd:624): Warning: <h5> anchor "Usage" already defined
ShinyDriver.html:1058:1 (ShinyDriver.Rd:628): Warning: <h5> anchor "Arguments" already defined
ShinyDriver.html:1073:1 (ShinyDriver.Rd:637): Warning: <h5> anchor "Returns" already defined
ShinyDriver.html:1090:1 (ShinyDriver.Rd:646): Warning: <h5> anchor "Usage" already defined
ShinyDriver.html:1096:1 (ShinyDriver.Rd:650): Warning: <h5> anchor "Arguments" already defined
ShinyDriver.html:1113:1 (ShinyDriver.Rd:661): Warning: <h5> anchor "Returns" already defined
ShinyDriver.html:1133:1 (ShinyDriver.Rd:673): Warning: <h5> anchor "Usage" already defined
ShinyDriver.html:1144:1 (ShinyDriver.Rd:682): Warning: <h5> anchor "Arguments" already defined
ShinyDriver.html:1175:1 (ShinyDriver.Rd:703): Warning: <h5> anchor "Usage" already defined
ShinyDriver.html:1188:1 (ShinyDriver.Rd:714): Warning: <h5> anchor "Arguments" already defined
ShinyDriver.html:1215:1 (ShinyDriver.Rd:735): Warning: <h5> anchor "Returns" already defined
ShinyDriver.html:1232:1 (ShinyDriver.Rd:744): Warning: <h5> anchor "Usage" already defined
ShinyDriver.html:1238:1 (ShinyDriver.Rd:748): Warning: <h5> anchor "Arguments" already defined
ShinyDriver.html:1270:1 (ShinyDriver.Rd:770): Warning: <h5> anchor "Usage" already defined
ShinyDriver.html:1276:1 (ShinyDriver.Rd:774): Warning: <h5> anchor "Arguments" already defined
ShinyDriver.html:1302:1 (ShinyDriver.Rd:790): Warning: <h5> anchor "Usage" already defined
ShinyDriver.html:1308:1 (ShinyDriver.Rd:794): Warning: <h5> anchor "Arguments" already defined
ShinyDriver.html:1337:1 (ShinyDriver.Rd:813): Warning: <h5> anchor "Usage" already defined
ShinyDriver.html:1343:1 (ShinyDriver.Rd:817): Warning: <h5> anchor "Arguments" already defined
ShinyDriver.html:1367:1 (ShinyDriver.Rd:831): Warning: <h5> anchor "Usage" already defined
ShinyDriver.html:1373:1 (ShinyDriver.Rd:835): Warning: <h5> anchor "Arguments" already defined
ShinyDriver.html:1400:1 (ShinyDriver.Rd:852): Warning: <h5> anchor "Usage" already defined
ShinyDriver.html:1416:1 (ShinyDriver.Rd:862): Warning: <h5> anchor "Usage" already defined
ShinyDriver.html:1432:1 (ShinyDriver.Rd:872): Warning: <h5> anchor "Usage" already defined
ShinyDriver.html:1448:1 (ShinyDriver.Rd:882): Warning: <h5> anchor "Usage" already defined
ShinyDriver.html:1464:1 (ShinyDriver.Rd:892): Warning: <h5> anchor "Usage" already defined
ShinyDriver.html:1480:1 (ShinyDriver.Rd:902): Warning: <h5> anchor "Usage" already defined
ShinyDriver.html:1496:1 (ShinyDriver.Rd:912): Warning: <h5> anchor "Usage" already defined
ShinyDriver.html:1502:1 (ShinyDriver.Rd:916): Warning: <h5> anchor "Arguments" already defined
Widget.html:411:1 (Widget.Rd:228): Warning: missing </ul> before </div>
Widget.html:130:1 (Widget.Rd:59): Warning: <h5> anchor "Usage" already defined
Widget.html:146:1 (Widget.Rd:69): Warning: <h5> anchor "Usage" already defined
Widget.html:162:1 (Widget.Rd:79): Warning: <h5> anchor "Usage" already defined
Widget.html:178:1 (Widget.Rd:89): Warning: <h5> anchor "Usage" already defined
Widget.html:194:1 (Widget.Rd:99): Warning: <h5> anchor "Usage" already defined
Widget.html:210:1 (Widget.Rd:109): Warning: <h5> anchor "Usage" already defined
Widget.html:226:1 (Widget.Rd:119): Warning: <h5> anchor "Usage" already defined
Widget.html:242:1 (Widget.Rd:129): Warning: <h5> anchor "Usage" already defined
Widget.html:258:1 (Widget.Rd:139): Warning: <h5> anchor "Usage" already defined
Widget.html:264:1 (Widget.Rd:143): Warning: <h5> anchor "Arguments" already defined
Widget.html:288:1 (Widget.Rd:157): Warning: <h5> anchor "Usage" already defined
Widget.html:311:1 (Widget.Rd:170): Warning: <h5> anchor "Usage" already defined
Widget.html:317:1 (Widget.Rd:174): Warning: <h5> anchor "Arguments" already defined
Widget.html:342:1 (Widget.Rd:189): Warning: <h5> anchor "Usage" already defined
Widget.html:359:1 (Widget.Rd:200): Warning: <h5> anchor "Usage" already defined
Widget.html:365:1 (Widget.Rd:204): Warning: <h5> anchor "Arguments" already defined
Widget.html:388:1 (Widget.Rd:217): Warning: <h5> anchor "Usage" already defined
Widget.html:394:1 (Widget.Rd:221): Warning: <h5> anchor "Arguments" already defined
diffviewer_widget.html:61:1 (diffviewer_widget.Rd:18): Warning: missing </ul> before </div>
recordTest.html:88:1 (recordTest.Rd:40): Warning: missing </ul> before </div>
registerInputProcessor.html:58:1 (registerInputProcessor.Rd:16): Warning: missing </ul> before </div>
viewTestDiffWidget.html:56:1 (viewTestDiffWidget.Rd:16): Warning: missing </ul> before </div>
Flavors: r-devel-linux-x86_64-debian-clang, r-devel-linux-x86_64-debian-gcc