Last updated on 2025-10-24 09:50:18 CEST.
| Flavor | Version | Tinstall | Tcheck | Ttotal | Status | Flags |
|---|---|---|---|---|---|---|
| r-devel-linux-x86_64-debian-clang | 0.1.1 | 4.26 | 85.75 | 90.01 | NOTE | |
| r-devel-linux-x86_64-debian-gcc | 0.1.1 | 3.24 | 61.95 | 65.19 | NOTE | |
| r-devel-linux-x86_64-fedora-clang | 0.1.1 | 11.00 | 125.24 | 136.24 | OK | |
| r-devel-linux-x86_64-fedora-gcc | 0.1.1 | 10.00 | 135.76 | 145.76 | OK | |
| r-devel-windows-x86_64 | 0.1.1 | 7.00 | 93.00 | 100.00 | OK | |
| r-patched-linux-x86_64 | 0.1.1 | 4.20 | 80.42 | 84.62 | OK | |
| r-release-linux-x86_64 | 0.1.1 | 4.04 | 79.84 | 83.88 | OK | |
| r-release-macos-arm64 | 0.1.1 | 2.00 | 44.00 | 46.00 | OK | |
| r-release-macos-x86_64 | 0.1.1 | 3.00 | 72.00 | 75.00 | OK | |
| r-release-windows-x86_64 | 0.1.1 | 6.00 | 94.00 | 100.00 | OK | |
| r-oldrel-macos-arm64 | 0.1.1 | 2.00 | 45.00 | 47.00 | OK | |
| r-oldrel-macos-x86_64 | 0.1.1 | 3.00 | 71.00 | 74.00 | OK | |
| r-oldrel-windows-x86_64 | 0.1.1 | 8.00 | 118.00 | 126.00 | OK |
Version: 0.1.1
Check: CRAN incoming feasibility
Result: NOTE
Maintainer: ‘Luke Miratrix <lmiratrix@g.harvard.edu>’
The Description field contains
<arXiv:2002.05746>. This package provides methods for fitting ITS
Please refer to arXiv e-prints via their arXiv DOI <doi:10.48550/arXiv.YYMM.NNNNN>.
Flavors: r-devel-linux-x86_64-debian-clang, r-devel-linux-x86_64-debian-gcc